{"version":"1.0","provider_name":"\u00c9quipe Canada | Site officiel de l&#039;\u00e9quipe olympique","provider_url":"https:\/\/preprod.olympic.ca\/olympique","author_name":"Maxime Bernier","author_url":"https:\/\/preprod.olympic.ca\/olympique\/author\/maxbern55\/","title":"O\u00f9 sont-ils rendus ? : Kim St-Pierre","type":"rich","width":600,"height":338,"html":"<blockquote class=\"wp-embedded-content\" data-secret=\"b5ljxuL9SE\"><a href=\"https:\/\/preprod.olympic.ca\/olympique\/2021\/12\/22\/ou-sont-ils-rendus-kim-st-pierre\/\">O\u00f9 sont-ils rendus ? : Kim St-Pierre<\/a><\/blockquote><iframe sandbox=\"allow-scripts\" security=\"restricted\" src=\"https:\/\/preprod.olympic.ca\/olympique\/2021\/12\/22\/ou-sont-ils-rendus-kim-st-pierre\/embed\/#?secret=b5ljxuL9SE\" width=\"600\" height=\"338\" title=\"\u00ab\u00a0O\u00f9 sont-ils rendus ? : Kim St-Pierre\u00a0\u00bb &#8212; \u00c9quipe Canada | Site officiel de l&#039;\u00e9quipe olympique\" data-secret=\"b5ljxuL9SE\" frameborder=\"0\" marginwidth=\"0\" marginheight=\"0\" scrolling=\"no\" class=\"wp-embedded-content\"><\/iframe><script type=\"text\/javascript\">\n\/* <![CDATA[ *\/\n\/*! This file is auto-generated *\/\n!function(d,l){\"use strict\";l.querySelector&&d.addEventListener&&\"undefined\"!=typeof URL&&(d.wp=d.wp||{},d.wp.receiveEmbedMessage||(d.wp.receiveEmbedMessage=function(e){var t=e.data;if((t||t.secret||t.message||t.value)&&!\/[^a-zA-Z0-9]\/.test(t.secret)){for(var s,r,n,a=l.querySelectorAll('iframe[data-secret=\"'+t.secret+'\"]'),o=l.querySelectorAll('blockquote[data-secret=\"'+t.secret+'\"]'),c=new RegExp(\"^https?:$\",\"i\"),i=0;i<o.length;i++)o[i].style.display=\"none\";for(i=0;i<a.length;i++)s=a[i],e.source===s.contentWindow&&(s.removeAttribute(\"style\"),\"height\"===t.message?(1e3<(r=parseInt(t.value,10))?r=1e3:~~r<200&&(r=200),s.height=r):\"link\"===t.message&&(r=new URL(s.getAttribute(\"src\")),n=new URL(t.value),c.test(n.protocol))&&n.host===r.host&&l.activeElement===s&&(d.top.location.href=t.value))}},d.addEventListener(\"message\",d.wp.receiveEmbedMessage,!1),l.addEventListener(\"DOMContentLoaded\",function(){for(var e,t,s=l.querySelectorAll(\"iframe.wp-embedded-content\"),r=0;r<s.length;r++)(t=(e=s[r]).getAttribute(\"data-secret\"))||(t=Math.random().toString(36).substring(2,12),e.src+=\"#?secret=\"+t,e.setAttribute(\"data-secret\",t)),e.contentWindow.postMessage({message:\"ready\",secret:t},\"*\")},!1)))}(window,document);\n\/\/# sourceURL=https:\/\/preprod.olympic.ca\/olympique\/wp-includes\/js\/wp-embed.min.js\n\/* ]]> *\/\n<\/script>\n","thumbnail_url":"https:\/\/preprod.olympic.ca\/olympique\/wp-content\/uploads\/sites\/2\/2013\/10\/2010-women3.jpg?quality=100","thumbnail_width":3028,"thumbnail_height":2184,"description":"Kim St-Pierre a tout au long de sa carri\u00e8re ouvert la porte \u00e0 de nombreuses jeunes filles r\u00eavant de faire carri\u00e8re dans le hockey. Le 15 novembre 2021, c'\u00e9tait \u00e0 son tour de franchir la porte la plus significative de son parcours en devenant la premi\u00e8re gardienne de but de l'histoire \u00e0 faire son entr\u00e9e officielle au Temple de la renomm\u00e9e du hockey."}

Équipe Canada | Site officiel de l&#039;équipe olympique

Où sont-ils rendus ? : Kim St-Pierre

<blockquote class="wp-embedded-content" data-secret="b5ljxuL9SE"><a href="https://preprod.olympic.ca/olympique/2021/12/22/ou-sont-ils-rendus-kim-st-pierre/">Où sont-ils rendus ? : Kim St-Pierre</a></blockquote><iframe sandbox="allow-scripts" security="restricted" src="https://preprod.olympic.ca/olympique/2021/12/22/ou-sont-ils-rendus-kim-st-pierre/embed/#?secret=b5ljxuL9SE" width="600" height="338" title="« Où sont-ils rendus ? : Kim St-Pierre » &#8212; Équipe Canada | Site officiel de l&#039;équipe olympique" data-secret="b5ljxuL9SE" frameborder="0" marginwidth="0" marginheight="0" scrolling="no" class="wp-embedded-content"></iframe><script type="text/javascript">
/* <![CDATA[ */
/*! This file is auto-generated */
!function(d,l){"use strict";l.querySelector&&d.addEventListener&&"undefined"!=typeof URL&&(d.wp=d.wp||{},d.wp.receiveEmbedMessage||(d.wp.receiveEmbedMessage=function(e){var t=e.data;if((t||t.secret||t.message||t.value)&&!/[^a-zA-Z0-9]/.test(t.secret)){for(var s,r,n,a=l.querySelectorAll('iframe[data-secret="'+t.secret+'"]'),o=l.querySelectorAll('blockquote[data-secret="'+t.secret+'"]'),c=new RegExp("^https?:$","i"),i=0;i<o.length;i++)o[i].style.display="none";for(i=0;i<a.length;i++)s=a[i],e.source===s.contentWindow&&(s.removeAttribute("style"),"height"===t.message?(1e3<(r=parseInt(t.value,10))?r=1e3:~~r<200&&(r=200),s.height=r):"link"===t.message&&(r=new URL(s.getAttribute("src")),n=new URL(t.value),c.test(n.protocol))&&n.host===r.host&&l.activeElement===s&&(d.top.location.href=t.value))}},d.addEventListener("message",d.wp.receiveEmbedMessage,!1),l.addEventListener("DOMContentLoaded",function(){for(var e,t,s=l.querySelectorAll("iframe.wp-embedded-content"),r=0;r<s.length;r++)(t=(e=s[r]).getAttribute("data-secret"))||(t=Math.random().toString(36).substring(2,12),e.src+="#?secret="+t,e.setAttribute("data-secret",t)),e.contentWindow.postMessage({message:"ready",secret:t},"*")},!1)))}(window,document);
//# sourceURL=https://preprod.olympic.ca/olympique/wp-includes/js/wp-embed.min.js
/* ]]> */
</script>

Kim St-Pierre a tout au long de sa carrière ouvert la porte à de nombreuses jeunes filles rêvant de faire carrière dans le hockey. Le 15 novembre 2021, c'était à son tour de franchir la porte la plus significative de son parcours en devenant la première gardienne de but de l'histoire à faire son entrée officielle au Temple de la renommée du hockey.
