{"version":"1.0","provider_name":"\u00c9quipe Canada | Site officiel de l&#039;\u00e9quipe olympique","provider_url":"https:\/\/preprod.olympic.ca\/olympique","author_name":"tmacbournieolympicca","author_url":"https:\/\/preprod.olympic.ca\/olympique\/author\/tmacbournieolympicca\/","title":"Andy Anderson tiendra un point de presse - \u00c9quipe Canada | Site officiel de l&#039;\u00e9quipe olympique","type":"rich","width":600,"height":338,"html":"<blockquote class=\"wp-embedded-content\" data-secret=\"dHT07oofWR\"><a href=\"https:\/\/preprod.olympic.ca\/olympique\/presse\/andy-anderson-tiendra-un-point-de-presse\/\">Andy Anderson tiendra un point de presse<\/a><\/blockquote><iframe sandbox=\"allow-scripts\" security=\"restricted\" src=\"https:\/\/preprod.olympic.ca\/olympique\/presse\/andy-anderson-tiendra-un-point-de-presse\/embed\/#?secret=dHT07oofWR\" width=\"600\" height=\"338\" title=\"\u00ab\u00a0Andy Anderson tiendra un point de presse\u00a0\u00bb &#8212; \u00c9quipe Canada | Site officiel de l&#039;\u00e9quipe olympique\" data-secret=\"dHT07oofWR\" frameborder=\"0\" marginwidth=\"0\" marginheight=\"0\" scrolling=\"no\" class=\"wp-embedded-content\"><\/iframe><script type=\"text\/javascript\">\n\/* <![CDATA[ *\/\n\/*! This file is auto-generated *\/\n!function(d,l){\"use strict\";l.querySelector&&d.addEventListener&&\"undefined\"!=typeof URL&&(d.wp=d.wp||{},d.wp.receiveEmbedMessage||(d.wp.receiveEmbedMessage=function(e){var t=e.data;if((t||t.secret||t.message||t.value)&&!\/[^a-zA-Z0-9]\/.test(t.secret)){for(var s,r,n,a=l.querySelectorAll('iframe[data-secret=\"'+t.secret+'\"]'),o=l.querySelectorAll('blockquote[data-secret=\"'+t.secret+'\"]'),c=new RegExp(\"^https?:$\",\"i\"),i=0;i<o.length;i++)o[i].style.display=\"none\";for(i=0;i<a.length;i++)s=a[i],e.source===s.contentWindow&&(s.removeAttribute(\"style\"),\"height\"===t.message?(1e3<(r=parseInt(t.value,10))?r=1e3:~~r<200&&(r=200),s.height=r):\"link\"===t.message&&(r=new URL(s.getAttribute(\"src\")),n=new URL(t.value),c.test(n.protocol))&&n.host===r.host&&l.activeElement===s&&(d.top.location.href=t.value))}},d.addEventListener(\"message\",d.wp.receiveEmbedMessage,!1),l.addEventListener(\"DOMContentLoaded\",function(){for(var e,t,s=l.querySelectorAll(\"iframe.wp-embedded-content\"),r=0;r<s.length;r++)(t=(e=s[r]).getAttribute(\"data-secret\"))||(t=Math.random().toString(36).substring(2,12),e.src+=\"#?secret=\"+t,e.setAttribute(\"data-secret\",t)),e.contentWindow.postMessage({message:\"ready\",secret:t},\"*\")},!1)))}(window,document);\n\/\/# sourceURL=https:\/\/preprod.olympic.ca\/olympique\/wp-includes\/js\/wp-embed.min.js\n\/* ]]> *\/\n<\/script>\n","thumbnail_url":"https:\/\/preprod.olympic.ca\/olympique\/wp-content\/uploads\/sites\/2\/2021\/07\/image-1-5.png","thumbnail_width":1080,"thumbnail_height":610,"description":"Le planchiste d\u2019\u00c9quipe Canada Andy Anderson rencontrera les repr\u00e9sentants des m\u00e9dias apr\u00e8s sa s\u00e9ance d\u2019entra\u00eenement lundi. Il se pr\u00e9pare \u00e0 participer \u00e0 la toute premi\u00e8re \u00e9preuve masculine de park en skateboard aux Jeux olympiques, le jeudi 5 ao\u00fbt."}

Équipe Canada | Site officiel de l&#039;équipe olympique

Andy Anderson tiendra un point de presse - Équipe Canada | Site officiel de l&#039;équipe olympique

<blockquote class="wp-embedded-content" data-secret="dHT07oofWR"><a href="https://preprod.olympic.ca/olympique/presse/andy-anderson-tiendra-un-point-de-presse/">Andy Anderson tiendra un point de presse</a></blockquote><iframe sandbox="allow-scripts" security="restricted" src="https://preprod.olympic.ca/olympique/presse/andy-anderson-tiendra-un-point-de-presse/embed/#?secret=dHT07oofWR" width="600" height="338" title="« Andy Anderson tiendra un point de presse » &#8212; Équipe Canada | Site officiel de l&#039;équipe olympique" data-secret="dHT07oofWR" frameborder="0" marginwidth="0" marginheight="0" scrolling="no" class="wp-embedded-content"></iframe><script type="text/javascript">
/* <![CDATA[ */
/*! This file is auto-generated */
!function(d,l){"use strict";l.querySelector&&d.addEventListener&&"undefined"!=typeof URL&&(d.wp=d.wp||{},d.wp.receiveEmbedMessage||(d.wp.receiveEmbedMessage=function(e){var t=e.data;if((t||t.secret||t.message||t.value)&&!/[^a-zA-Z0-9]/.test(t.secret)){for(var s,r,n,a=l.querySelectorAll('iframe[data-secret="'+t.secret+'"]'),o=l.querySelectorAll('blockquote[data-secret="'+t.secret+'"]'),c=new RegExp("^https?:$","i"),i=0;i<o.length;i++)o[i].style.display="none";for(i=0;i<a.length;i++)s=a[i],e.source===s.contentWindow&&(s.removeAttribute("style"),"height"===t.message?(1e3<(r=parseInt(t.value,10))?r=1e3:~~r<200&&(r=200),s.height=r):"link"===t.message&&(r=new URL(s.getAttribute("src")),n=new URL(t.value),c.test(n.protocol))&&n.host===r.host&&l.activeElement===s&&(d.top.location.href=t.value))}},d.addEventListener("message",d.wp.receiveEmbedMessage,!1),l.addEventListener("DOMContentLoaded",function(){for(var e,t,s=l.querySelectorAll("iframe.wp-embedded-content"),r=0;r<s.length;r++)(t=(e=s[r]).getAttribute("data-secret"))||(t=Math.random().toString(36).substring(2,12),e.src+="#?secret="+t,e.setAttribute("data-secret",t)),e.contentWindow.postMessage({message:"ready",secret:t},"*")},!1)))}(window,document);
//# sourceURL=https://preprod.olympic.ca/olympique/wp-includes/js/wp-embed.min.js
/* ]]> */
</script>

Le planchiste d’Équipe Canada Andy Anderson rencontrera les représentants des médias après sa séance d’entraînement lundi. Il se prépare à participer à la toute première épreuve masculine de park en skateboard aux Jeux olympiques, le jeudi 5 août.
