{"version":"1.0","provider_name":"\u00c9quipe Canada | Site officiel de l&#039;\u00e9quipe olympique","provider_url":"https:\/\/preprod.olympic.ca\/olympique","author_name":"Florence Gauthier","author_url":"https:\/\/preprod.olympic.ca\/olympique\/author\/florencegauthier\/","title":"Elisabeth (Vathje) Maier - \u00c9quipe Canada | Site officiel de l&#039;\u00e9quipe olympique","type":"rich","width":600,"height":338,"html":"<blockquote class=\"wp-embedded-content\" data-secret=\"1sxEUZAXdF\"><a href=\"https:\/\/preprod.olympic.ca\/olympique\/team-canada\/elisabeth-vathje\/\">Elisabeth (Vathje) Maier<\/a><\/blockquote><iframe sandbox=\"allow-scripts\" security=\"restricted\" src=\"https:\/\/preprod.olympic.ca\/olympique\/team-canada\/elisabeth-vathje\/embed\/#?secret=1sxEUZAXdF\" width=\"600\" height=\"338\" title=\"\u00ab\u00a0Elisabeth (Vathje) Maier\u00a0\u00bb &#8212; \u00c9quipe Canada | Site officiel de l&#039;\u00e9quipe olympique\" data-secret=\"1sxEUZAXdF\" frameborder=\"0\" marginwidth=\"0\" marginheight=\"0\" scrolling=\"no\" class=\"wp-embedded-content\"><\/iframe><script type=\"text\/javascript\">\n\/* <![CDATA[ *\/\n\/*! This file is auto-generated *\/\n!function(d,l){\"use strict\";l.querySelector&&d.addEventListener&&\"undefined\"!=typeof URL&&(d.wp=d.wp||{},d.wp.receiveEmbedMessage||(d.wp.receiveEmbedMessage=function(e){var t=e.data;if((t||t.secret||t.message||t.value)&&!\/[^a-zA-Z0-9]\/.test(t.secret)){for(var s,r,n,a=l.querySelectorAll('iframe[data-secret=\"'+t.secret+'\"]'),o=l.querySelectorAll('blockquote[data-secret=\"'+t.secret+'\"]'),c=new RegExp(\"^https?:$\",\"i\"),i=0;i<o.length;i++)o[i].style.display=\"none\";for(i=0;i<a.length;i++)s=a[i],e.source===s.contentWindow&&(s.removeAttribute(\"style\"),\"height\"===t.message?(1e3<(r=parseInt(t.value,10))?r=1e3:~~r<200&&(r=200),s.height=r):\"link\"===t.message&&(r=new URL(s.getAttribute(\"src\")),n=new URL(t.value),c.test(n.protocol))&&n.host===r.host&&l.activeElement===s&&(d.top.location.href=t.value))}},d.addEventListener(\"message\",d.wp.receiveEmbedMessage,!1),l.addEventListener(\"DOMContentLoaded\",function(){for(var e,t,s=l.querySelectorAll(\"iframe.wp-embedded-content\"),r=0;r<s.length;r++)(t=(e=s[r]).getAttribute(\"data-secret\"))||(t=Math.random().toString(36).substring(2,12),e.src+=\"#?secret=\"+t,e.setAttribute(\"data-secret\",t)),e.contentWindow.postMessage({message:\"ready\",secret:t},\"*\")},!1)))}(window,document);\n\/\/# sourceURL=https:\/\/preprod.olympic.ca\/olympique\/wp-includes\/js\/wp-embed.min.js\n\/* ]]> *\/\n<\/script>\n","thumbnail_url":"https:\/\/preprod.olympic.ca\/olympique\/wp-content\/uploads\/sites\/2\/2017\/11\/equipe-canada-elisabeth-vathje-skeleton-coupe-du-monde-whistler-2016.jpg?quality=100","thumbnail_width":1340,"thumbnail_height":754,"description":"Les performances d\u2019Elisabeth Vathje ont fait jaser lors de la saison 2014\u20112015. Nouvelle venue sur le circuit de la Coupe du monde de skeleton, elle est mont\u00e9e sur la deuxi\u00e8me marche du podium de sa toute premi\u00e8re course, \u00e0 Lake Placid. La semaine suivante, elle montait pour la premi\u00e8re fois sur la plus haute marche du podium apr\u00e8s avoir remport\u00e9 une course \u00e0 domicile, \u00e0 Calgary. Plus tard dans la saison, elle a r\u00e9colt\u00e9 deux autres m\u00e9dailles d\u2019argent \u00e0 Saint\u2011Moritz et Igls. Elle a termin\u00e9 l\u2019ann\u00e9e avec la m\u00e9daille de bronze de ses premiers Championnats du monde qui avaient lieu sur l\u2019une de ses pistes pr\u00e9f\u00e9r\u00e9es, celle de Winterberg."}

Équipe Canada | Site officiel de l&#039;équipe olympique

Elisabeth (Vathje) Maier - Équipe Canada | Site officiel de l&#039;équipe olympique

<blockquote class="wp-embedded-content" data-secret="1sxEUZAXdF"><a href="https://preprod.olympic.ca/olympique/team-canada/elisabeth-vathje/">Elisabeth (Vathje) Maier</a></blockquote><iframe sandbox="allow-scripts" security="restricted" src="https://preprod.olympic.ca/olympique/team-canada/elisabeth-vathje/embed/#?secret=1sxEUZAXdF" width="600" height="338" title="« Elisabeth (Vathje) Maier » &#8212; Équipe Canada | Site officiel de l&#039;équipe olympique" data-secret="1sxEUZAXdF" frameborder="0" marginwidth="0" marginheight="0" scrolling="no" class="wp-embedded-content"></iframe><script type="text/javascript">
/* <![CDATA[ */
/*! This file is auto-generated */
!function(d,l){"use strict";l.querySelector&&d.addEventListener&&"undefined"!=typeof URL&&(d.wp=d.wp||{},d.wp.receiveEmbedMessage||(d.wp.receiveEmbedMessage=function(e){var t=e.data;if((t||t.secret||t.message||t.value)&&!/[^a-zA-Z0-9]/.test(t.secret)){for(var s,r,n,a=l.querySelectorAll('iframe[data-secret="'+t.secret+'"]'),o=l.querySelectorAll('blockquote[data-secret="'+t.secret+'"]'),c=new RegExp("^https?:$","i"),i=0;i<o.length;i++)o[i].style.display="none";for(i=0;i<a.length;i++)s=a[i],e.source===s.contentWindow&&(s.removeAttribute("style"),"height"===t.message?(1e3<(r=parseInt(t.value,10))?r=1e3:~~r<200&&(r=200),s.height=r):"link"===t.message&&(r=new URL(s.getAttribute("src")),n=new URL(t.value),c.test(n.protocol))&&n.host===r.host&&l.activeElement===s&&(d.top.location.href=t.value))}},d.addEventListener("message",d.wp.receiveEmbedMessage,!1),l.addEventListener("DOMContentLoaded",function(){for(var e,t,s=l.querySelectorAll("iframe.wp-embedded-content"),r=0;r<s.length;r++)(t=(e=s[r]).getAttribute("data-secret"))||(t=Math.random().toString(36).substring(2,12),e.src+="#?secret="+t,e.setAttribute("data-secret",t)),e.contentWindow.postMessage({message:"ready",secret:t},"*")},!1)))}(window,document);
//# sourceURL=https://preprod.olympic.ca/olympique/wp-includes/js/wp-embed.min.js
/* ]]> */
</script>

Les performances d’Elisabeth Vathje ont fait jaser lors de la saison 2014‑2015. Nouvelle venue sur le circuit de la Coupe du monde de skeleton, elle est montée sur la deuxième marche du podium de sa toute première course, à Lake Placid. La semaine suivante, elle montait pour la première fois sur la plus haute marche du podium après avoir remporté une course à domicile, à Calgary. Plus tard dans la saison, elle a récolté deux autres médailles d’argent à Saint‑Moritz et Igls. Elle a terminé l’année avec la médaille de bronze de ses premiers Championnats du monde qui avaient lieu sur l’une de ses pistes préférées, celle de Winterberg.
