{"id":4014,"date":"2011-08-31T17:06:24","date_gmt":"2011-08-31T21:11:31","guid":{"rendered":"http:\/\/preprod.olympic.ca\/?page_id=4014"},"modified":"2023-07-26T16:29:36","modified_gmt":"2023-07-26T20:29:36","slug":"possibilites-demploi","status":"publish","type":"page","link":"https:\/\/preprod.olympic.ca\/olympique\/possibilites-demploi\/","title":{"rendered":"Possibilit\u00e9s d&#8217;emploi"},"content":{"rendered":"\n<h2 class=\"wp-block-heading\">Faire la diff\u00e9rence au COC.<\/h2>\n\n\n\n<figure class=\"wp-block-image alignfull size-large\"><img loading=\"lazy\" decoding=\"async\" height=\"754\" width=\"1047\" src=\"https:\/\/olympique.ca\/wp-content\/uploads\/sites\/2\/2021\/09\/MDB_20210806_5958.jpg?quality=100&amp;w=1047\" alt=\"Team Canada celebrates after winning gold in Women\u2019s football final against Sweden during the Tokyo 2020 Olympic Games on Friday, August 06, 2021. Photo by Mark Blinch\/COC *MANDATORY CREDIT*\" class=\"wp-image-189877\" srcset=\"https:\/\/preprod.olympic.ca\/olympique\/wp-content\/uploads\/sites\/2\/2021\/09\/MDB_20210806_5958.jpg 1200w, https:\/\/preprod.olympic.ca\/olympique\/wp-content\/uploads\/sites\/2\/2021\/09\/MDB_20210806_5958.jpg?resize=219,158 219w, https:\/\/preprod.olympic.ca\/olympique\/wp-content\/uploads\/sites\/2\/2021\/09\/MDB_20210806_5958.jpg?resize=515,371 515w, https:\/\/preprod.olympic.ca\/olympique\/wp-content\/uploads\/sites\/2\/2021\/09\/MDB_20210806_5958.jpg?resize=768,553 768w, https:\/\/preprod.olympic.ca\/olympique\/wp-content\/uploads\/sites\/2\/2021\/09\/MDB_20210806_5958.jpg?resize=1047,754 1047w\" sizes=\"(max-width: 1047px) 100vw, 1047px\" \/><\/figure>\n\n\n\n<div style=\"height:30px\" aria-hidden=\"true\" class=\"wp-block-spacer\"><\/div>\n\n\n\n<h2 class=\"wp-block-heading\">Le Comit\u00e9 olympique canadien :<\/h2>\n\n\n\n<ul class=\"wp-block-list\">\n<li>Est une organisation non gouvernementale sans but lucratif dont le mandat est de mener des \u00e9quipes aux Jeux panam\u00e9ricains et aux Jeux olympiques;<\/li>\n\n\n\n<li>Fait la promotion des id\u00e9aux olympiques au Canada;<\/li>\n\n\n\n<li>S\u00e9lectionne et administre les propositions canadiennes et les comit\u00e9s d\u2019organisation des Jeux panam\u00e9ricains et des Jeux olympiques.<\/li>\n<\/ul>\n\n\n\n<figure class=\"wp-block-gallery alignright has-nested-images columns-default is-cropped wp-block-gallery-1 is-layout-flex wp-block-gallery-is-layout-flex\">\n<figure class=\"wp-block-image size-large\"><a href=\"https:\/\/olympique.ca\/wp-content\/uploads\/sites\/2\/2023\/07\/Best-Workplaces-in-Canada-2023-EN-Logo@4x.v2.png\"><img loading=\"lazy\" decoding=\"async\" height=\"754\" width=\"754\" data-id=\"224753\" src=\"https:\/\/olympique.ca\/wp-content\/uploads\/sites\/2\/2023\/07\/Best-Workplaces-in-Canada-2023-EN-Logo@4x.v2.png?w=754\" alt=\"\" class=\"wp-image-224753\" srcset=\"https:\/\/preprod.olympic.ca\/olympique\/wp-content\/uploads\/sites\/2\/2023\/07\/Best-Workplaces-in-Canada-2023-EN-Logo@4x.v2.png 4500w, https:\/\/preprod.olympic.ca\/olympique\/wp-content\/uploads\/sites\/2\/2023\/07\/Best-Workplaces-in-Canada-2023-EN-Logo@4x.v2.png?resize=158,158 158w, https:\/\/preprod.olympic.ca\/olympique\/wp-content\/uploads\/sites\/2\/2023\/07\/Best-Workplaces-in-Canada-2023-EN-Logo@4x.v2.png?resize=371,371 371w, https:\/\/preprod.olympic.ca\/olympique\/wp-content\/uploads\/sites\/2\/2023\/07\/Best-Workplaces-in-Canada-2023-EN-Logo@4x.v2.png?resize=768,768 768w, https:\/\/preprod.olympic.ca\/olympique\/wp-content\/uploads\/sites\/2\/2023\/07\/Best-Workplaces-in-Canada-2023-EN-Logo@4x.v2.png?resize=754,754 754w, https:\/\/preprod.olympic.ca\/olympique\/wp-content\/uploads\/sites\/2\/2023\/07\/Best-Workplaces-in-Canada-2023-EN-Logo@4x.v2.png?resize=1536,1536 1536w, https:\/\/preprod.olympic.ca\/olympique\/wp-content\/uploads\/sites\/2\/2023\/07\/Best-Workplaces-in-Canada-2023-EN-Logo@4x.v2.png?resize=2048,2048 2048w\" sizes=\"(max-width: 754px) 100vw, 754px\" \/><\/a><\/figure>\n\n\n\n<figure class=\"wp-block-image size-large\"><a href=\"https:\/\/olympique.ca\/wp-content\/uploads\/sites\/2\/2023\/07\/2023_Canada_for-Women-FR.v2.png\"><img loading=\"lazy\" decoding=\"async\" height=\"754\" width=\"754\" data-id=\"224754\" src=\"https:\/\/olympique.ca\/wp-content\/uploads\/sites\/2\/2023\/07\/2023_Canada_for-Women-FR.v2.png?w=754\" alt=\"\" class=\"wp-image-224754\" srcset=\"https:\/\/preprod.olympic.ca\/olympique\/wp-content\/uploads\/sites\/2\/2023\/07\/2023_Canada_for-Women-FR.v2.png 4500w, https:\/\/preprod.olympic.ca\/olympique\/wp-content\/uploads\/sites\/2\/2023\/07\/2023_Canada_for-Women-FR.v2.png?resize=158,158 158w, https:\/\/preprod.olympic.ca\/olympique\/wp-content\/uploads\/sites\/2\/2023\/07\/2023_Canada_for-Women-FR.v2.png?resize=371,371 371w, https:\/\/preprod.olympic.ca\/olympique\/wp-content\/uploads\/sites\/2\/2023\/07\/2023_Canada_for-Women-FR.v2.png?resize=768,768 768w, https:\/\/preprod.olympic.ca\/olympique\/wp-content\/uploads\/sites\/2\/2023\/07\/2023_Canada_for-Women-FR.v2.png?resize=754,754 754w, https:\/\/preprod.olympic.ca\/olympique\/wp-content\/uploads\/sites\/2\/2023\/07\/2023_Canada_for-Women-FR.v2.png?resize=1536,1536 1536w, https:\/\/preprod.olympic.ca\/olympique\/wp-content\/uploads\/sites\/2\/2023\/07\/2023_Canada_for-Women-FR.v2.png?resize=2048,2048 2048w\" sizes=\"(max-width: 754px) 100vw, 754px\" \/><\/a><\/figure>\n<\/figure>\n\n\n\n<p>Le Comit\u00e9 olympique canadien et la Fondation olympique canadienne ont \u00e9t\u00e9 reconnus comme faisant partie des Meilleurs lieux de travail<sup>MC<\/sup> au Canada en 2020, 2021 et 2023. De plus, le COC et la Fondation ont obtenu la distinction d\u2019\u00eatre nomm\u00e9s parmi les Meilleurs lieux de travail<sup>MC<\/sup> pour la sant\u00e9 mentale en 2021 et parmi les Meilleurs lieux de travail<sup>MC<\/sup> pour les femmes en 2021 et 2023.<\/p>\n\n\n\n<p>Ces listes sont compil\u00e9es par l\u2019Institut Great Place to Work\u00ae et reposent sur les commentaires directs des employ\u00e9s, produits dans le cadre d\u2019un sondage \u00e9labor\u00e9 et anonyme sur l\u2019exp\u00e9rience en milieu de travail et une \u00e9valuation de la culture et des pratiques par l\u2019Institut Great Place to Work\u00ae. Ces r\u00e9compenses t\u00e9moignent de l\u2019environnement que le COC cherche \u00e0 offrir aux employ\u00e9s et de ce que cela signifie de travailler pour \u00c9quipe Canada.<\/p>\n\n\n\n<hr class=\"wp-block-separator has-alpha-channel-opacity is-style-wide\"\/>\n\n\n\n<h2 class=\"wp-block-heading\">Emploi<\/h2>\n\n\n\n<div class=\"wp-block-buttons is-layout-flex wp-block-buttons-is-layout-flex\">\n<div class=\"wp-block-button\"><a class=\"wp-block-button__link wp-element-button\" href=\"https:\/\/workforcenow.adp.com\/mascsr\/default\/mdf\/recruitment\/recruitment.html?cid=d7c4caa8-0371-4bbf-8980-c1cdc2738eec&amp;ccId=19000101_000001&amp;type=JS&amp;lang=fr_CA&amp;selectedMenuKey=CareerCenter\" target=\"_blank\" rel=\"noreferrer noopener\">Toutes les offres<\/a><\/div>\n<\/div>\n\n\n\n<div style=\"height:20px\" aria-hidden=\"true\" class=\"wp-block-spacer\"><\/div>\n\n\n\n\n\n<div class=\"positions-block\">\n  <h2>B\u00e9n\u00e9volat<\/h2>\n  <ul class=\"positions-list\">\n\n    \n      <li>\n        <a href=\"https:\/\/preprod.olympic.ca\/olympique\/positions\/benevoles-dequipe-canada\/\">B\u00e9n\u00e9voles d\u2019\u00c9quipe Canada<\/a>\n        <br>Lieu du travail : Nationale et international      <\/li>\n\n      \n  <\/ul>\n<\/div>\n","protected":false},"excerpt":{"rendered":"<p>Faire la diff\u00e9rence au COC. Le Comit\u00e9 olympique canadien : Le Comit\u00e9 olympique canadien et la Fondation olympique canadienne ont&#8230;<\/p>\n","protected":false},"author":47562643,"featured_media":93758,"parent":0,"menu_order":0,"comment_status":"open","ping_status":"open","template":"","meta":{"_edit_last":["185434510"],"_wp_page_template":["default"],"s2mail":["yes"],"_yoast_wpseo_google-plus-description":[""],"_seosmart_cache":["a:2:{s:8:\"keywords\";a:0:{}s:4:\"time\";s:10:\"1336612542\";}","a:2:{s:8:\"keywords\";a:0:{}s:4:\"time\";s:10:\"1336612542\";}"],"_original_post_id":["4014"],"_original_import_author":["joebarnett"],"_wpcom_imported":["a:2:{s:8:\"importer\";s:9:\"wordpress\";s:4:\"date\";s:19:\"2013-07-21 18:11:45\";}"],"original_post_id":["4014"],"_wp_old_slug":["4014"],"_edit_lock":["1690403380:185434510"],"_elasticsearch_indexed_on":["2011-08-31 21:11:31"],"superawesome":["false"],"seo_translation_link":["http:\/\/preprod.olympic.ca\/employment\/"],"_x_multifield_seo_accordion":["a:1:{i:0;a:2:{s:19:\"seo_accordion_title\";s:0:\"\";s:25:\"seo_accordion_description\";s:0:\"\";}}"],"_thumbnail_id":["93758"],"geo_public":["0"],"coc_campaign_options":["a:4:{s:16:\"coc_campaign_tag\";s:0:\"\";s:15:\"coc_campaign_bg\";N;s:25:\"coc_campaign_bg_downloads\";a:0:{}s:20:\"coc_campaign_posters\";a:0:{}}"],"coc_team_options":["a:1:{s:15:\"coc_game_select\";i:216378;}"],"coc_oc_landing_options":["a:2:{s:17:\"coc_oc_landing_bg\";N;s:22:\"coc_oc_landing_stories\";a:0:{}}"],"coc_edit_profile_options":["a:1:{s:20:\"coc_favourite_sports\";a:0:{}}"],"coc_oc_reward_options":["a:13:{s:16:\"coc_oc_reward_id\";s:0:\"\";s:19:\"coc_oc_ac_reward_id\";s:0:\"\";s:20:\"coc_oc_reward_points\";s:0:\"\";s:19:\"coc_oc_reward_rules\";N;s:31:\"coc_oc_digital_download_desktop\";N;s:30:\"coc_oc_digital_download_mobile\";N;s:32:\"coc_oc_digital_download_facebook\";N;s:29:\"coc_oc_reward_success_message\";s:0:\"\";s:23:\"coc_oc_facebook_content\";s:0:\"\";s:22:\"coc_oc_twitter_content\";s:0:\"\";s:24:\"coc_oc_social_contest_id\";s:0:\"\";s:31:\"coc_oc_reward_logged_in_message\";s:0:\"\";s:32:\"coc_oc_reward_logged_out_message\";s:0:\"\";}"],"_oembed_001846b35f602f5fa4217eda1728e22c":["<div class=\"embed-twitter\"><blockquote class=\"twitter-tweet\" width=\"550\"><p lang=\"en\" dir=\"ltr\"><a href=\"https:\/\/twitter.com\/TeamCanada\">@TeamCanada<\/a> Thanks time to rep the white even harder. <a href=\"https:\/\/twitter.com\/hashtag\/TeamCanada?src=hash\">#TeamCanada<\/a> <a href=\"https:\/\/twitter.com\/hashtag\/NowOrNever?src=hash\">#NowOrNever<\/a> <a href=\"https:\/\/twitter.com\/hashtag\/running?src=hash\">#running<\/a> <a href=\"https:\/\/twitter.com\/hashtag\/winning?src=hash\">#winning<\/a> <a href=\"http:\/\/t.co\/FvJ0iVg6mf\">pic.twitter.com\/FvJ0iVg6mf<\/a><\/p>&mdash; Danielle Carreiro (@DanielleCarrei1) <a href=\"https:\/\/twitter.com\/DanielleCarrei1\/status\/631150059594350593\">August 11, 2015<\/a><\/blockquote><script async src=\"\/\/platform.twitter.com\/widgets.js\" charset=\"utf-8\"><\/script><\/div>"],"_oembed_time_001846b35f602f5fa4217eda1728e22c":["1446483537"],"_oembed_f0e4a3dae4a8edfe8d09ac46315b125b":["<div class=\"embed-twitter\"><blockquote class=\"twitter-tweet\" width=\"550\"><p lang=\"en\" dir=\"ltr\"><a href=\"https:\/\/twitter.com\/TeamCanada\">@TeamCanada<\/a> thanks for the shoes!! <a href=\"https:\/\/twitter.com\/hashtag\/TeamCanada?src=hash\">#TeamCanada<\/a> <a href=\"https:\/\/twitter.com\/hashtag\/NowOrNever?src=hash\">#NowOrNever<\/a> <a href=\"http:\/\/t.co\/xnnOLAGyOs\">pic.twitter.com\/xnnOLAGyOs<\/a><\/p>&mdash; Rob Reider (@robreider) <a href=\"https:\/\/twitter.com\/robreider\/status\/631283071355125762\">August 12, 2015<\/a><\/blockquote><script async src=\"\/\/platform.twitter.com\/widgets.js\" charset=\"utf-8\"><\/script><\/div>"],"_oembed_time_f0e4a3dae4a8edfe8d09ac46315b125b":["1446483538"],"coc_press_options":["a:2:{s:28:\"coc_press_additional_content\";s:0:\"\";s:27:\"coc_press_resource_category\";a:0:{}}"],"coc_breaking_news_options":["a:1:{s:25:\"coc_breaking_news_details\";a:0:{}}"],"coc_sharing_options":["a:1:{s:18:\"coc_hide_share_bar\";b:0;}"],"coc_be_olympic_options":["a:8:{s:37:\"coc_be_olympic_exclusive_content_link\";s:0:\"\";s:27:\"coc_be_olympic_videos_title\";s:0:\"\";s:21:\"coc_be_olympic_videos\";a:0:{}s:27:\"coc_be_olympic_photos_title\";s:0:\"\";s:21:\"coc_be_olympic_photos\";a:0:{}s:24:\"coc_be_olympic_downloads\";a:0:{}s:22:\"coc_be_olympic_quizzes\";a:0:{}s:26:\"coc_be_olympic_fan_fun_ads\";a:0:{}}"],"coc_fan_fun_options":["a:2:{s:23:\"coc_fan_fun_hammer_time\";a:2:{s:29:\"coc_fan_fun_hammer_time_image\";N;s:27:\"coc_fan_fun_hammer_time_url\";s:0:\"\";}s:22:\"coc_fan_fun_torch_dash\";a:2:{s:28:\"coc_fan_fun_torch_dash_image\";N;s:26:\"coc_fan_fun_torch_dash_url\";s:0:\"\";}}"],"coc_interactive_game_options":["a:3:{s:28:\"coc_interactive_game_message\";s:0:\"\";s:24:\"coc_interactive_game_url\";s:0:\"\";s:27:\"coc_interactive_game_iframe\";b:0;}"],"coc_olympic_club_options":["a:1:{s:12:\"redirect_url\";s:0:\"\";}"],"coc_favorites_options":["a:3:{s:13:\"content_types\";a:0:{}s:7:\"seasons\";a:0:{}s:4:\"gear\";a:0:{}}"],"coc_og_tags":["a:3:{s:8:\"og_title\";s:0:\"\";s:14:\"og_description\";s:0:\"\";s:8:\"og_image\";N;}"],"coc_page_options":["a:1:{s:30:\"coc_partner_takeover_ads_story\";a:5:{s:20:\"coc_ad_story_desktop\";N;s:26:\"coc_ad_story_desktop_label\";s:0:\"\";s:19:\"coc_ad_story_mobile\";N;s:25:\"coc_ad_story_mobile_label\";s:0:\"\";s:16:\"coc_ad_story_url\";s:0:\"\";}}"],"coc_education_options":["A"],"seo_title":["\u00c9quipe Canada - Possibilit\u00e9s d'emploi"],"seo_focus_keyword":["\u00c9quipe Canada, Possibilit\u00e9s d'emploi, Offres d'emploi, Emplois, Employ\u00e9s, Jobs, Travail, Opportunit\u00e9s, Carri\u00e8re, \u00c9quipe, COC, Comit\u00e9 olympique canadien, Emploi en sports, Sports, Olympique, Jeux olympiques"],"seo_meta_description":["\u00c9quipe Canada - Consultez les possibilit\u00e9s d'emploi au Comit\u00e9 olympique canadien (COC), une organisation non gouvernementale sans but lucratif dont le mandat est de mener des \u00e9quipes aux Jeux olympiques."],"coc_donor_video_options":["a:1:{s:21:\"donor_featured_videos\";a:0:{}}"],"coc_about_video_options":["a:1:{s:11:\"about_video\";a:3:{s:21:\"coc_about_video_title\";s:0:\"\";s:20:\"coc_about_video_text\";s:0:\"\";s:21:\"coc_about_youtube_url\";s:0:\"\";}}"],"coc_about_image_options":["a:1:{s:11:\"about_image\";a:3:{s:21:\"coc_about_image_title\";s:0:\"\";s:20:\"coc_about_image_text\";s:0:\"\";s:19:\"coc_about_image_url\";N;}}"],"coc_about_reporting_options":["a:1:{s:23:\"about_reporting_options\";a:0:{}}"],"coc_about_audit_options":["a:1:{s:19:\"about_audit_options\";a:0:{}}"],"coc_giving_options":["a:1:{s:14:\"giving_options\";a:0:{}}"],"coc_homepage_video_options":["a:1:{s:13:\"video_options\";a:1:{s:18:\"coc_homepage_video\";s:0:\"\";}}"],"coc_homepage_priorities":["a:1:{s:16:\"priority_options\";a:0:{}}"],"coc_homepage_campaign_options":["a:1:{s:16:\"campaign_options\";a:3:{s:24:\"coc_campaign_video_title\";s:0:\"\";s:23:\"coc_campaign_video_text\";s:0:\"\";s:24:\"coc_campaign_youtube_url\";s:0:\"\";}}"],"hof_selected_committee":["a:1:{s:11:\"hof_members\";a:0:{}}"],"hof_partners_options":["a:1:{s:12:\"hof_partners\";a:0:{}}"],"hof_search_excerpt":["a:1:{s:18:\"coc_search_excerpt\";s:0:\"\";}"],"coc_games":[""],"_coc_games":["field_5e83bf020f51f"],"coc_trivia":[""],"_coc_trivia":["field_5e83bacdec2aa"],"_last_editor_used_jetpack":["block-editor"],"_yoast_wpseo_content_score":["30"],"_yoast_wpseo_estimated-reading-time-minutes":["2"]},"coauthors":[186127234],"class_list":["post-4014","page","type-page","status-publish","format-standard","has-post-thumbnail","hentry"],"acf":[],"yoast_head":"<!-- This site is optimized with the Yoast SEO plugin v27.3 - https:\/\/yoast.com\/product\/yoast-seo-wordpress\/ -->\n<title>Possibilit\u00e9s d&#039;emploi - \u00c9quipe Canada | Site officiel de l&#039;\u00e9quipe olympique<\/title>\n<meta name=\"robots\" content=\"index, follow, max-snippet:-1, max-image-preview:large, max-video-preview:-1\" \/>\n<link rel=\"canonical\" href=\"https:\/\/preprod.olympic.ca\/olympique\/possibilites-demploi\/\" \/>\n<meta property=\"og:locale\" content=\"fr_FR\" \/>\n<meta property=\"og:type\" content=\"article\" \/>\n<meta property=\"og:title\" content=\"Possibilit\u00e9s d&#039;emploi - \u00c9quipe Canada | Site officiel de l&#039;\u00e9quipe olympique\" \/>\n<meta property=\"og:description\" content=\"Faire la diff\u00e9rence au COC. Le Comit\u00e9 olympique canadien : Le Comit\u00e9 olympique canadien et la Fondation olympique canadienne ont...\" \/>\n<meta property=\"og:url\" content=\"https:\/\/preprod.olympic.ca\/olympique\/possibilites-demploi\/\" \/>\n<meta property=\"og:site_name\" content=\"\u00c9quipe Canada | Site officiel de l&#039;\u00e9quipe olympique\" \/>\n<meta property=\"article:modified_time\" content=\"2023-07-26T20:29:36+00:00\" \/>\n<meta property=\"og:image\" content=\"https:\/\/preprod.olympic.ca\/olympique\/wp-content\/uploads\/sites\/2\/2011\/08\/8232003_r.jpg?quality=100\" \/>\n\t<meta property=\"og:image:width\" content=\"1024\" \/>\n\t<meta property=\"og:image:height\" content=\"681\" \/>\n\t<meta property=\"og:image:type\" content=\"image\/jpeg\" \/>\n<meta name=\"twitter:card\" content=\"summary_large_image\" \/>\n<meta name=\"twitter:label1\" content=\"Est. reading time\" \/>\n\t<meta name=\"twitter:data1\" content=\"2 minutes\" \/>\n\t<meta name=\"twitter:label2\" content=\"Written by\" \/>\n\t<meta name=\"twitter:data2\" content=\"Comit\u00e9 olympique canadien\" \/>\n<script type=\"application\/ld+json\" class=\"yoast-schema-graph\">{\"@context\":\"https:\\\/\\\/schema.org\",\"@graph\":[{\"@type\":\"WebPage\",\"@id\":\"https:\\\/\\\/preprod.olympic.ca\\\/olympique\\\/possibilites-demploi\\\/\",\"url\":\"https:\\\/\\\/preprod.olympic.ca\\\/olympique\\\/possibilites-demploi\\\/\",\"name\":\"Possibilit\u00e9s d'emploi - \u00c9quipe Canada | Site officiel de l&#039;\u00e9quipe olympique\",\"isPartOf\":{\"@id\":\"https:\\\/\\\/preprod.olympic.ca\\\/olympique\\\/#website\"},\"primaryImageOfPage\":{\"@id\":\"https:\\\/\\\/preprod.olympic.ca\\\/olympique\\\/possibilites-demploi\\\/#primaryimage\"},\"image\":{\"@id\":\"https:\\\/\\\/preprod.olympic.ca\\\/olympique\\\/possibilites-demploi\\\/#primaryimage\"},\"thumbnailUrl\":\"https:\\\/\\\/preprod.olympic.ca\\\/olympique\\\/wp-content\\\/uploads\\\/sites\\\/2\\\/2011\\\/08\\\/8232003_r.jpg?quality=100\",\"datePublished\":\"2011-08-31T21:11:31+00:00\",\"dateModified\":\"2023-07-26T20:29:36+00:00\",\"inLanguage\":\"fr-FR\",\"potentialAction\":[{\"@type\":\"ReadAction\",\"target\":[\"https:\\\/\\\/preprod.olympic.ca\\\/olympique\\\/possibilites-demploi\\\/\"]}]},{\"@type\":\"ImageObject\",\"inLanguage\":\"fr-FR\",\"@id\":\"https:\\\/\\\/preprod.olympic.ca\\\/olympique\\\/possibilites-demploi\\\/#primaryimage\",\"url\":\"https:\\\/\\\/preprod.olympic.ca\\\/olympique\\\/wp-content\\\/uploads\\\/sites\\\/2\\\/2011\\\/08\\\/8232003_r.jpg?quality=100\",\"contentUrl\":\"https:\\\/\\\/preprod.olympic.ca\\\/olympique\\\/wp-content\\\/uploads\\\/sites\\\/2\\\/2011\\\/08\\\/8232003_r.jpg?quality=100\",\"width\":1024,\"height\":681},{\"@type\":\"WebSite\",\"@id\":\"https:\\\/\\\/preprod.olympic.ca\\\/olympique\\\/#website\",\"url\":\"https:\\\/\\\/preprod.olympic.ca\\\/olympique\\\/\",\"name\":\"\u00c9quipe Canada | Site officiel de l&#039;\u00e9quipe olympique\",\"description\":\"Votre source pour l\u2019\u00c9quipe olympique canadienne. Retrouvez les r\u00e9cits, vid\u00e9os et photos des athl\u00e8tes canadiens, sports olympiques, Jeux olympiques de 2020 et bien plus!\",\"potentialAction\":[{\"@type\":\"SearchAction\",\"target\":{\"@type\":\"EntryPoint\",\"urlTemplate\":\"https:\\\/\\\/preprod.olympic.ca\\\/olympique\\\/?s={search_term_string}\"},\"query-input\":{\"@type\":\"PropertyValueSpecification\",\"valueRequired\":true,\"valueName\":\"search_term_string\"}}],\"inLanguage\":\"fr-FR\"}]}<\/script>\n<!-- \/ Yoast SEO plugin. -->","yoast_head_json":{"title":"Possibilit\u00e9s d'emploi - \u00c9quipe Canada | Site officiel de l&#039;\u00e9quipe olympique","robots":{"index":"index","follow":"follow","max-snippet":"max-snippet:-1","max-image-preview":"max-image-preview:large","max-video-preview":"max-video-preview:-1"},"canonical":"https:\/\/preprod.olympic.ca\/olympique\/possibilites-demploi\/","og_locale":"fr_FR","og_type":"article","og_title":"Possibilit\u00e9s d'emploi - \u00c9quipe Canada | Site officiel de l&#039;\u00e9quipe olympique","og_description":"Faire la diff\u00e9rence au COC. Le Comit\u00e9 olympique canadien : Le Comit\u00e9 olympique canadien et la Fondation olympique canadienne ont...","og_url":"https:\/\/preprod.olympic.ca\/olympique\/possibilites-demploi\/","og_site_name":"\u00c9quipe Canada | Site officiel de l&#039;\u00e9quipe olympique","article_modified_time":"2023-07-26T20:29:36+00:00","og_image":[{"width":1024,"height":681,"url":"https:\/\/preprod.olympic.ca\/olympique\/wp-content\/uploads\/sites\/2\/2011\/08\/8232003_r.jpg?quality=100","type":"image\/jpeg"}],"twitter_card":"summary_large_image","twitter_misc":{"Est. reading time":"2 minutes","Written by":"Comit\u00e9 olympique canadien"},"schema":{"@context":"https:\/\/schema.org","@graph":[{"@type":"WebPage","@id":"https:\/\/preprod.olympic.ca\/olympique\/possibilites-demploi\/","url":"https:\/\/preprod.olympic.ca\/olympique\/possibilites-demploi\/","name":"Possibilit\u00e9s d'emploi - \u00c9quipe Canada | Site officiel de l&#039;\u00e9quipe olympique","isPartOf":{"@id":"https:\/\/preprod.olympic.ca\/olympique\/#website"},"primaryImageOfPage":{"@id":"https:\/\/preprod.olympic.ca\/olympique\/possibilites-demploi\/#primaryimage"},"image":{"@id":"https:\/\/preprod.olympic.ca\/olympique\/possibilites-demploi\/#primaryimage"},"thumbnailUrl":"https:\/\/preprod.olympic.ca\/olympique\/wp-content\/uploads\/sites\/2\/2011\/08\/8232003_r.jpg?quality=100","datePublished":"2011-08-31T21:11:31+00:00","dateModified":"2023-07-26T20:29:36+00:00","inLanguage":"fr-FR","potentialAction":[{"@type":"ReadAction","target":["https:\/\/preprod.olympic.ca\/olympique\/possibilites-demploi\/"]}]},{"@type":"ImageObject","inLanguage":"fr-FR","@id":"https:\/\/preprod.olympic.ca\/olympique\/possibilites-demploi\/#primaryimage","url":"https:\/\/preprod.olympic.ca\/olympique\/wp-content\/uploads\/sites\/2\/2011\/08\/8232003_r.jpg?quality=100","contentUrl":"https:\/\/preprod.olympic.ca\/olympique\/wp-content\/uploads\/sites\/2\/2011\/08\/8232003_r.jpg?quality=100","width":1024,"height":681},{"@type":"WebSite","@id":"https:\/\/preprod.olympic.ca\/olympique\/#website","url":"https:\/\/preprod.olympic.ca\/olympique\/","name":"\u00c9quipe Canada | Site officiel de l&#039;\u00e9quipe olympique","description":"Votre source pour l\u2019\u00c9quipe olympique canadienne. Retrouvez les r\u00e9cits, vid\u00e9os et photos des athl\u00e8tes canadiens, sports olympiques, Jeux olympiques de 2020 et bien plus!","potentialAction":[{"@type":"SearchAction","target":{"@type":"EntryPoint","urlTemplate":"https:\/\/preprod.olympic.ca\/olympique\/?s={search_term_string}"},"query-input":{"@type":"PropertyValueSpecification","valueRequired":true,"valueName":"search_term_string"}}],"inLanguage":"fr-FR"}]}},"jetpack_sharing_enabled":true,"jetpack-related-posts":[],"jetpack_shortlink":"https:\/\/wp.me\/PcGHcP-12K","_links":{"self":[{"href":"https:\/\/preprod.olympic.ca\/olympique\/wp-json\/wp\/v2\/pages\/4014","targetHints":{"allow":["GET"]}}],"collection":[{"href":"https:\/\/preprod.olympic.ca\/olympique\/wp-json\/wp\/v2\/pages"}],"about":[{"href":"https:\/\/preprod.olympic.ca\/olympique\/wp-json\/wp\/v2\/types\/page"}],"author":[{"embeddable":true,"href":"https:\/\/preprod.olympic.ca\/olympique\/wp-json\/wp\/v2\/users\/47562643"}],"replies":[{"embeddable":true,"href":"https:\/\/preprod.olympic.ca\/olympique\/wp-json\/wp\/v2\/comments?post=4014"}],"version-history":[{"count":656,"href":"https:\/\/preprod.olympic.ca\/olympique\/wp-json\/wp\/v2\/pages\/4014\/revisions"}],"predecessor-version":[{"id":224756,"href":"https:\/\/preprod.olympic.ca\/olympique\/wp-json\/wp\/v2\/pages\/4014\/revisions\/224756"}],"wp:featuredmedia":[{"embeddable":true,"href":"https:\/\/preprod.olympic.ca\/olympique\/wp-json\/wp\/v2\/media\/93758"}],"wp:attachment":[{"href":"https:\/\/preprod.olympic.ca\/olympique\/wp-json\/wp\/v2\/media?parent=4014"}],"wp:term":[{"taxonomy":"author","embeddable":true,"href":"https:\/\/preprod.olympic.ca\/olympique\/wp-json\/wp\/v2\/coauthors?post=4014"}],"curies":[{"name":"wp","href":"https:\/\/api.w.org\/{rel}","templated":true}]}}