{"id":84889,"date":"2013-09-20T13:20:02","date_gmt":"2013-09-20T17:20:02","guid":{"rendered":"http:\/\/olympique.ca\/?page_id=84889"},"modified":"2023-06-08T13:47:19","modified_gmt":"2023-06-08T17:47:19","slug":"education","status":"publish","type":"page","link":"https:\/\/preprod.olympic.ca\/olympique\/education\/","title":{"rendered":"\u00c0 propos de l\u2019\u00e9ducation olympique"},"content":{"rendered":"\n<div class=\"wp-block-group is-style-align-small\"><div class=\"wp-block-group__inner-container is-layout-flow wp-block-group-is-layout-flow\">\n<p>L\u2019\u00e9ducation olympique est fond\u00e9e sur une philosophie de vie, l\u2019olympisme, qui int\u00e8gre le sport \u00e0 la culture et \u00e0 l\u2019\u00e9ducation. Gr\u00e2ce \u00e0 un apprentissage fond\u00e9 sur des valeurs, on encourage les participants \u00e0 vivre l\u2019exp\u00e9rience de certaines valeurs, dont l\u2019excellence, le respect et l\u2019amiti\u00e9, tout en d\u00e9veloppant un corps et un esprit \u00e9quilibr\u00e9s.&nbsp;&nbsp;<\/p>\n\n\n\n<p>Ayant pour vision d\u2019inspirer la prochaine g\u00e9n\u00e9ration de Canadiens gr\u00e2ce au legs d\u2019\u00c9quipe Canada et des Jeux olympiques, le Comit\u00e9 olympique canadien est reconnu comme un chef de file en mati\u00e8re d\u2019\u00e9ducation olympique et offre gratuitement des programmes mondiaux, notamment le <strong>Programme scolaire olympique canadien<\/strong> (PSOC). <\/p>\n\n\n\n<p><\/p>\n\n\n\n<h2 class=\"wp-block-heading\">Le Programme scolaire olympique canadien<strong>&nbsp;<\/strong><\/h2>\n\n\n\n<p>Le PSOC offre plus de 100 ressources gratuites en ligne, con\u00e7ues pour inspirer les \u00e9l\u00e8ves \u00e0 adopter l\u2019esprit olympique dans leur vie quotidienne. Applicables \u00e0 tous les niveaux scolaires, du primaire jusqu\u2019au secondaire, les ressources du PSOC sont fond\u00e9es sur la p\u00e9dagogie et r\u00e9dig\u00e9es par des enseignants pour une mise en \u0153uvre sans effort dans tous les environnements d\u2019apprentissage et de sport.&nbsp;<\/p>\n\n\n\n<div class=\"wp-block-buttons is-horizontal is-content-justification-center is-layout-flex wp-container-core-buttons-is-layout-499968f5 wp-block-buttons-is-layout-flex\">\n<div class=\"wp-block-button\"><a class=\"wp-block-button__link wp-element-button\" href=\"https:\/\/olympique.ca\/education\/bibliotheque\/\">VOIR LES RESSOURCES DU PSOC<\/a><\/div>\n<\/div>\n\n\n\n<hr class=\"wp-block-separator has-alpha-channel-opacity\" \/>\n\n\n\n<h2 class=\"wp-block-heading\">La subvention d\u2019\u00c9quipe Canada pour la Journ\u00e9e olympique<strong>\u00a0<\/strong><\/h2>\n\n\n\n<p>\u00c0 l\u2019approche de la Journ\u00e9e olympique, que le CIO c\u00e9l\u00e8bre chaque ann\u00e9e le 23 juin, \u00c9quipe Canada accepte maintenant les candidatures pour une subvention destin\u00e9e aux \u00e9coles canadiennes qui veulent inspirer \u00e0 la jeunesse le go\u00fbt de la pratique sportive.<\/p>\n\n\n\n<p>La subvention d\u2019\u00c9quipe Canada pour la Journ\u00e9e olympique permet de faciliter l\u2019acc\u00e8s aux sports dans les \u00e9coles tout en invitant les athl\u00e8tes \u00e0 raconter leurs histoires inspirantes aux \u00e9l\u00e8ves.<\/p>\n\n\n\n<div class=\"wp-block-buttons is-content-justification-center is-layout-flex wp-container-core-buttons-is-layout-16018d1d wp-block-buttons-is-layout-flex\">\n<div class=\"wp-block-button\"><a class=\"wp-block-button__link has-text-align-center wp-element-button\" href=\"https:\/\/olympique.ca\/subvention-dequipe-canada-pour-la-journee-olympique\/\" target=\"_blank\" rel=\"noreferrer noopener\">La subvention <\/a><\/div>\n<\/div>\n<\/div><\/div>\n\n\n\n<div class=\"signup-block education-signup-block alignfull\" style=background-color:#000000>\n\n  <!-- Logged Out. -->\n  <div class=\"education-signup-block_logged-out\">\n    <div class=\"grid-container\">\n      <div class=\"grid-x grid-padding-x\">\n        <div class=\"cell small-12 large-6\">\n                      <img decoding=\"async\" src=\"https:\/\/preprod.olympic.ca\/olympique\/wp-content\/uploads\/sites\/2\/2019\/07\/bell-olympic-club_2019-fr3.jpg?quality=100\" alt=\"Education Signup Image\">\n                    <\/div>\n        <div class=\"cell small-12 large-6\">\n          <div>\n            \n\n<h2 class=\"wp-block-heading\">Inscrivez-vous et cr\u00e9ez votre profil Club olympique d\u00e8s aujourd\u2019hui!<\/h2>\n\n\n\n<p>En vous joignant au Club olympique canadien pr\u00e9sent\u00e9 par Bell, vous pourrez recevoir les derni\u00e8res nouvelles par courriel, obtenir des ressources pour les \u00e9ducateurs et les parents, acc\u00e9der aux publications du blogue et plus encore \u2013 et tout \u00e7a, gratuitement!<\/p>\n\n\n\n<p>En tant que membre, vous pourrez aussi t\u00e9l\u00e9charger, imprimer et enregistrer vos ressources pr\u00e9f\u00e9r\u00e9es dans la section Ma Classe de votre profil pour y acc\u00e9der plus facilement.<\/p>\n\n          <\/div>\n  \n          <!-- Signup Button. -->\n          <div class=\"education-signup-button-wrapper text-center\">\n            \n\t<button class=\"button oid-toggle icon-maple-leaf\">\n\t\tJoignez-vous <span><\/span> au Club\t<\/button>\n\n\t          <\/div>\n        <\/div>\n      <\/div>\n    <\/div>\n  <\/div>\n\n  <!-- Logged In. -->\n  <div class=\"education-signup-block_logged-in hide\">\n    <div class=\"grid-container\">\n      <div class=\"grid-x grid-padding-x\">\n        <div class=\"cell small-12 large-6\">\n                      <img decoding=\"async\" src=\"https:\/\/preprod.olympic.ca\/olympique\/wp-content\/uploads\/sites\/2\/2019\/07\/bell-olympic-club_2019-fr3.jpg?quality=100\" alt=\"Education Signup Image\">\n                    <\/div>\n        <div class=\"cell small-12 large-6\">\n\n          <!-- Logged In Text. -->\n          <h2>Inscrivez-vous pour recevoir l&rsquo;infolettre \u00c9ducateurs!<\/h2>\n<p>En vous joignant au Club olympique canadien pr\u00e9sent\u00e9 par Bell, vous pourrez recevoir les derni\u00e8res nouvelles par courriel, obtenir des ressources pour les \u00e9ducateurs et les parents, acc\u00e9der aux publications du blogue et plus encore \u2013 et tout \u00e7a, gratuitement!<\/p>\n\n          <!-- Signup Confirmation. -->\n          <div class=\"response hide\">\n            <p>You are now signed up for the newsletter.<\/p>\n          <\/div>\n\n          <!-- Newsletter Form. -->\n          <form class=\"education-newsletter-form\">\n            <label for=\"signup-preference-education-newsletter\" class=\"checkbox-container\">\n              <input type=\"checkbox\" id=\"signup-preference-education-newsletter\" name=\"signup-preference-education-newsletter\">\n              <span class=\"checkmark\"><\/span>\n              Oui, inscrivez-moi s\u2019il vous pla\u00eet.            <\/label>\n          <\/form>\n        <\/div>\n      <\/div>\n    <\/div>\n  <\/div>\n<\/div>\n\n\n\n<h2 class=\"wp-block-heading\">Contactez-nous<\/h2>\n\n\n\n<p><strong>Programme Scolaire Olympique Canadien<\/strong><br>500 West Ren\u00e9-L\u00e9vesque Blvd, 2nd floor<br>Montr\u00e9al, QC Canada H2Z 1W7<\/p>\n\n\n\n<p>514-861-5416<br><a href=\"mailto:psoc@olympique.ca\">psoc@olympique.ca<\/a><\/p>\n\n\n\n<div class=\"wp-block-group is-layout-flow wp-block-group-is-layout-flow\"><div class=\"wp-block-group__inner-container\"><\/div><\/div>\n\n\n\n<p><\/p>\n","protected":false},"excerpt":{"rendered":"<p>L\u2019\u00e9ducation olympique est fond\u00e9e sur une philosophie de vie, l\u2019olympisme, qui int\u00e8gre le sport \u00e0 la culture et \u00e0 l\u2019\u00e9ducation&#8230;.<\/p>\n","protected":false},"author":95870780,"featured_media":160678,"parent":0,"menu_order":0,"comment_status":"open","ping_status":"open","template":"","meta":{"_edit_last":["167617045"],"_edit_lock":["1695237339:167617045"],"_wp_page_template":["default"],"seo_translation_link":["https:\/\/preprod.olympic.ca\/education\/"],"_publicize_pending":["1"],"_elasticsearch_indexed_on":["2013-09-20 05:20:23"],"_akismet_post_spam":["0"],"_x_multifield_seo_accordion":["a:1:{i:0;a:2:{s:19:\"seo_accordion_title\";s:0:\"\";s:25:\"seo_accordion_description\";s:0:\"\";}}"],"geo_public":["0"],"coc_campaign_options":["a:4:{s:16:\"coc_campaign_tag\";s:0:\"\";s:15:\"coc_campaign_bg\";N;s:25:\"coc_campaign_bg_downloads\";a:0:{}s:20:\"coc_campaign_posters\";a:0:{}}"],"coc_team_options":["a:1:{s:15:\"coc_game_select\";i:184566;}"],"coc_oc_landing_options":["a:2:{s:17:\"coc_oc_landing_bg\";N;s:22:\"coc_oc_landing_stories\";a:0:{}}"],"coc_edit_profile_options":["a:1:{s:20:\"coc_favourite_sports\";a:0:{}}"],"coc_oc_reward_options":["a:13:{s:16:\"coc_oc_reward_id\";s:0:\"\";s:19:\"coc_oc_ac_reward_id\";s:0:\"\";s:20:\"coc_oc_reward_points\";s:0:\"\";s:19:\"coc_oc_reward_rules\";N;s:31:\"coc_oc_digital_download_desktop\";N;s:30:\"coc_oc_digital_download_mobile\";N;s:32:\"coc_oc_digital_download_facebook\";N;s:29:\"coc_oc_reward_success_message\";s:0:\"\";s:23:\"coc_oc_facebook_content\";s:0:\"\";s:22:\"coc_oc_twitter_content\";s:0:\"\";s:24:\"coc_oc_social_contest_id\";s:0:\"\";s:31:\"coc_oc_reward_logged_in_message\";s:0:\"\";s:32:\"coc_oc_reward_logged_out_message\";s:0:\"\";}"],"hide_top_share_bar":["on"],"hide_bottom_share_bar":["on"],"coc_press_options":["a:2:{s:28:\"coc_press_additional_content\";s:0:\"\";s:27:\"coc_press_resource_category\";a:0:{}}"],"_oembed_5df79a3d19cd878d362a8175f34f4cd4":["<div class=\"embed-youtube\"><iframe width=\"500\" height=\"281\" src=\"https:\/\/www.youtube.com\/embed\/RtHn9cJpgss?feature=oembed\" frameborder=\"0\" gesture=\"media\" allow=\"encrypted-media\" allowfullscreen><\/iframe><\/div>"],"_oembed_time_5df79a3d19cd878d362a8175f34f4cd4":["1513794189"],"_oembed_ee59280622a5f9ae15e3c91521ff2214":["<div class=\"embed-youtube\"><iframe title=\"Programme scolaire olympique canadien\" width=\"676\" height=\"380\" src=\"https:\/\/www.youtube.com\/embed\/RtHn9cJpgss?feature=oembed\" frameborder=\"0\" allow=\"accelerometer; autoplay; encrypted-media; gyroscope; picture-in-picture\" allowfullscreen><\/iframe><\/div>"],"_oembed_time_ee59280622a5f9ae15e3c91521ff2214":["1561502855"],"_oembed_92b856cf37248fa3c2d39fb3c5b113e2":["<div class=\"embed-youtube\"><iframe title=\"Programme scolaire olympique canadien\" width=\"420\" height=\"236\" src=\"https:\/\/www.youtube.com\/embed\/RtHn9cJpgss?feature=oembed\" frameborder=\"0\" allow=\"accelerometer; autoplay; encrypted-media; gyroscope; picture-in-picture\" allowfullscreen><\/iframe><\/div>"],"_oembed_time_92b856cf37248fa3c2d39fb3c5b113e2":["1567123615"],"coc_sharing_options":["a:1:{s:18:\"coc_hide_share_bar\";b:0;}"],"coc_breaking_news_options":["a:1:{s:25:\"coc_breaking_news_details\";a:0:{}}"],"coc_be_olympic_options":["a:8:{s:37:\"coc_be_olympic_exclusive_content_link\";s:0:\"\";s:27:\"coc_be_olympic_videos_title\";s:0:\"\";s:21:\"coc_be_olympic_videos\";a:0:{}s:27:\"coc_be_olympic_photos_title\";s:0:\"\";s:21:\"coc_be_olympic_photos\";a:0:{}s:24:\"coc_be_olympic_downloads\";a:0:{}s:22:\"coc_be_olympic_quizzes\";a:0:{}s:26:\"coc_be_olympic_fan_fun_ads\";a:0:{}}"],"coc_fan_fun_options":["a:2:{s:23:\"coc_fan_fun_hammer_time\";a:2:{s:29:\"coc_fan_fun_hammer_time_image\";N;s:27:\"coc_fan_fun_hammer_time_url\";s:0:\"\";}s:22:\"coc_fan_fun_torch_dash\";a:2:{s:28:\"coc_fan_fun_torch_dash_image\";N;s:26:\"coc_fan_fun_torch_dash_url\";s:0:\"\";}}"],"coc_interactive_game_options":["a:3:{s:28:\"coc_interactive_game_message\";s:0:\"\";s:24:\"coc_interactive_game_url\";s:0:\"\";s:27:\"coc_interactive_game_iframe\";b:0;}"],"coc_olympic_club_options":["a:1:{s:12:\"redirect_url\";s:0:\"\";}"],"coc_favorites_options":["a:3:{s:13:\"content_types\";a:0:{}s:7:\"seasons\";a:0:{}s:4:\"gear\";a:0:{}}"],"coc_og_tags":["a:3:{s:8:\"og_title\";s:0:\"\";s:14:\"og_description\";s:0:\"\";s:8:\"og_image\";N;}"],"coc_education_options":["A"],"coc_page_options":["a:1:{s:30:\"coc_partner_takeover_ads_story\";a:5:{s:20:\"coc_ad_story_desktop\";N;s:26:\"coc_ad_story_desktop_label\";s:0:\"\";s:19:\"coc_ad_story_mobile\";N;s:25:\"coc_ad_story_mobile_label\";s:0:\"\";s:16:\"coc_ad_story_url\";s:0:\"\";}}"],"coc_donor_video_options":["a:1:{s:21:\"donor_featured_videos\";a:0:{}}"],"coc_about_video_options":["a:1:{s:11:\"about_video\";a:3:{s:21:\"coc_about_video_title\";s:0:\"\";s:20:\"coc_about_video_text\";s:0:\"\";s:21:\"coc_about_youtube_url\";s:0:\"\";}}"],"coc_about_image_options":["a:1:{s:11:\"about_image\";a:3:{s:21:\"coc_about_image_title\";s:0:\"\";s:20:\"coc_about_image_text\";s:0:\"\";s:19:\"coc_about_image_url\";N;}}"],"coc_about_reporting_options":["a:1:{s:23:\"about_reporting_options\";a:0:{}}"],"coc_about_audit_options":["a:1:{s:19:\"about_audit_options\";a:0:{}}"],"coc_giving_options":["a:1:{s:14:\"giving_options\";a:0:{}}"],"coc_homepage_video_options":["a:1:{s:13:\"video_options\";a:1:{s:18:\"coc_homepage_video\";s:0:\"\";}}"],"coc_homepage_priorities":["a:1:{s:16:\"priority_options\";a:0:{}}"],"coc_homepage_campaign_options":["a:1:{s:16:\"campaign_options\";a:3:{s:24:\"coc_campaign_video_title\";s:0:\"\";s:23:\"coc_campaign_video_text\";s:0:\"\";s:24:\"coc_campaign_youtube_url\";s:0:\"\";}}"],"hof_selected_committee":["a:1:{s:11:\"hof_members\";a:0:{}}"],"hof_partners_options":["a:1:{s:12:\"hof_partners\";a:0:{}}"],"hof_search_excerpt":["a:1:{s:18:\"coc_search_excerpt\";s:0:\"\";}"],"_last_editor_used_jetpack":["block-editor"],"_yoast_wpseo_content_score":["30"],"_yoast_wpseo_estimated-reading-time-minutes":["2"],"coc_games":[""],"_coc_games":["field_5e83bf020f51f"],"coc_trivia":[""],"_coc_trivia":["field_5e83bacdec2aa"],"_thumbnail_id":["160678"]},"coauthors":[408969750],"class_list":["post-84889","page","type-page","status-publish","format-video","has-post-thumbnail","hentry"],"acf":[],"yoast_head":"<!-- This site is optimized with the Yoast SEO plugin v27.2 - https:\/\/yoast.com\/product\/yoast-seo-wordpress\/ -->\n<title>\u00c0 propos de l\u2019\u00e9ducation olympique - \u00c9quipe Canada | Site officiel de l&#039;\u00e9quipe olympique<\/title>\n<meta name=\"robots\" content=\"index, follow, max-snippet:-1, max-image-preview:large, max-video-preview:-1\" \/>\n<link rel=\"canonical\" href=\"https:\/\/preprod.olympic.ca\/olympique\/education\/\" \/>\n<meta property=\"og:locale\" content=\"fr_FR\" \/>\n<meta property=\"og:type\" content=\"article\" \/>\n<meta property=\"og:title\" content=\"\u00c0 propos de l\u2019\u00e9ducation olympique - \u00c9quipe Canada | Site officiel de l&#039;\u00e9quipe olympique\" \/>\n<meta property=\"og:description\" content=\"L\u2019\u00e9ducation olympique est fond\u00e9e sur une philosophie de vie, l\u2019olympisme, qui int\u00e8gre le sport \u00e0 la culture et \u00e0 l\u2019\u00e9ducation....\" \/>\n<meta property=\"og:url\" content=\"https:\/\/preprod.olympic.ca\/olympique\/education\/\" \/>\n<meta property=\"og:site_name\" content=\"\u00c9quipe Canada | Site officiel de l&#039;\u00e9quipe olympique\" \/>\n<meta property=\"article:modified_time\" content=\"2023-06-08T17:47:19+00:00\" \/>\n<meta property=\"og:image\" content=\"https:\/\/preprod.olympic.ca\/olympique\/wp-content\/uploads\/sites\/2\/2020\/04\/comiteolympique_komak-0815.jpg?quality=100\" \/>\n\t<meta property=\"og:image:width\" content=\"1340\" \/>\n\t<meta property=\"og:image:height\" content=\"795\" \/>\n\t<meta property=\"og:image:type\" content=\"image\/jpeg\" \/>\n<meta name=\"twitter:card\" content=\"summary_large_image\" \/>\n<meta name=\"twitter:label1\" content=\"Est. reading time\" \/>\n\t<meta name=\"twitter:data1\" content=\"2 minutes\" \/>\n\t<meta name=\"twitter:label2\" content=\"Written by\" \/>\n\t<meta name=\"twitter:data2\" content=\"sansass88\" \/>\n<script type=\"application\/ld+json\" class=\"yoast-schema-graph\">{\"@context\":\"https:\/\/schema.org\",\"@graph\":[{\"@type\":\"WebPage\",\"@id\":\"https:\/\/preprod.olympic.ca\/olympique\/education\/\",\"url\":\"https:\/\/preprod.olympic.ca\/olympique\/education\/\",\"name\":\"\u00c0 propos de l\u2019\u00e9ducation olympique - \u00c9quipe Canada | Site officiel de l&#039;\u00e9quipe olympique\",\"isPartOf\":{\"@id\":\"https:\/\/preprod.olympic.ca\/olympique\/#website\"},\"primaryImageOfPage\":{\"@id\":\"https:\/\/preprod.olympic.ca\/olympique\/education\/#primaryimage\"},\"image\":{\"@id\":\"https:\/\/preprod.olympic.ca\/olympique\/education\/#primaryimage\"},\"thumbnailUrl\":\"https:\/\/preprod.olympic.ca\/olympique\/wp-content\/uploads\/sites\/2\/2020\/04\/comiteolympique_komak-0815.jpg?quality=100\",\"datePublished\":\"2013-09-20T17:20:02+00:00\",\"dateModified\":\"2023-06-08T17:47:19+00:00\",\"inLanguage\":\"fr-FR\",\"potentialAction\":[{\"@type\":\"ReadAction\",\"target\":[\"https:\/\/preprod.olympic.ca\/olympique\/education\/\"]}]},{\"@type\":\"ImageObject\",\"inLanguage\":\"fr-FR\",\"@id\":\"https:\/\/preprod.olympic.ca\/olympique\/education\/#primaryimage\",\"url\":\"https:\/\/preprod.olympic.ca\/olympique\/wp-content\/uploads\/sites\/2\/2020\/04\/comiteolympique_komak-0815.jpg?quality=100\",\"contentUrl\":\"https:\/\/preprod.olympic.ca\/olympique\/wp-content\/uploads\/sites\/2\/2020\/04\/comiteolympique_komak-0815.jpg?quality=100\",\"width\":1340,\"height\":795,\"caption\":\"komak sits on a bench with a back pack\"},{\"@type\":\"WebSite\",\"@id\":\"https:\/\/preprod.olympic.ca\/olympique\/#website\",\"url\":\"https:\/\/preprod.olympic.ca\/olympique\/\",\"name\":\"\u00c9quipe Canada | Site officiel de l&#039;\u00e9quipe olympique\",\"description\":\"Votre source pour l\u2019\u00c9quipe olympique canadienne. Retrouvez les r\u00e9cits, vid\u00e9os et photos des athl\u00e8tes canadiens, sports olympiques, Jeux olympiques de 2020 et bien plus!\",\"potentialAction\":[{\"@type\":\"SearchAction\",\"target\":{\"@type\":\"EntryPoint\",\"urlTemplate\":\"https:\/\/preprod.olympic.ca\/olympique\/?s={search_term_string}\"},\"query-input\":{\"@type\":\"PropertyValueSpecification\",\"valueRequired\":true,\"valueName\":\"search_term_string\"}}],\"inLanguage\":\"fr-FR\"}]}<\/script>\n<!-- \/ Yoast SEO plugin. -->","yoast_head_json":{"title":"\u00c0 propos de l\u2019\u00e9ducation olympique - \u00c9quipe Canada | Site officiel de l&#039;\u00e9quipe olympique","robots":{"index":"index","follow":"follow","max-snippet":"max-snippet:-1","max-image-preview":"max-image-preview:large","max-video-preview":"max-video-preview:-1"},"canonical":"https:\/\/preprod.olympic.ca\/olympique\/education\/","og_locale":"fr_FR","og_type":"article","og_title":"\u00c0 propos de l\u2019\u00e9ducation olympique - \u00c9quipe Canada | Site officiel de l&#039;\u00e9quipe olympique","og_description":"L\u2019\u00e9ducation olympique est fond\u00e9e sur une philosophie de vie, l\u2019olympisme, qui int\u00e8gre le sport \u00e0 la culture et \u00e0 l\u2019\u00e9ducation....","og_url":"https:\/\/preprod.olympic.ca\/olympique\/education\/","og_site_name":"\u00c9quipe Canada | Site officiel de l&#039;\u00e9quipe olympique","article_modified_time":"2023-06-08T17:47:19+00:00","og_image":[{"width":1340,"height":795,"url":"https:\/\/preprod.olympic.ca\/olympique\/wp-content\/uploads\/sites\/2\/2020\/04\/comiteolympique_komak-0815.jpg?quality=100","type":"image\/jpeg"}],"twitter_card":"summary_large_image","twitter_misc":{"Est. reading time":"2 minutes","Written by":"sansass88"},"schema":{"@context":"https:\/\/schema.org","@graph":[{"@type":"WebPage","@id":"https:\/\/preprod.olympic.ca\/olympique\/education\/","url":"https:\/\/preprod.olympic.ca\/olympique\/education\/","name":"\u00c0 propos de l\u2019\u00e9ducation olympique - \u00c9quipe Canada | Site officiel de l&#039;\u00e9quipe olympique","isPartOf":{"@id":"https:\/\/preprod.olympic.ca\/olympique\/#website"},"primaryImageOfPage":{"@id":"https:\/\/preprod.olympic.ca\/olympique\/education\/#primaryimage"},"image":{"@id":"https:\/\/preprod.olympic.ca\/olympique\/education\/#primaryimage"},"thumbnailUrl":"https:\/\/preprod.olympic.ca\/olympique\/wp-content\/uploads\/sites\/2\/2020\/04\/comiteolympique_komak-0815.jpg?quality=100","datePublished":"2013-09-20T17:20:02+00:00","dateModified":"2023-06-08T17:47:19+00:00","inLanguage":"fr-FR","potentialAction":[{"@type":"ReadAction","target":["https:\/\/preprod.olympic.ca\/olympique\/education\/"]}]},{"@type":"ImageObject","inLanguage":"fr-FR","@id":"https:\/\/preprod.olympic.ca\/olympique\/education\/#primaryimage","url":"https:\/\/preprod.olympic.ca\/olympique\/wp-content\/uploads\/sites\/2\/2020\/04\/comiteolympique_komak-0815.jpg?quality=100","contentUrl":"https:\/\/preprod.olympic.ca\/olympique\/wp-content\/uploads\/sites\/2\/2020\/04\/comiteolympique_komak-0815.jpg?quality=100","width":1340,"height":795,"caption":"komak sits on a bench with a back pack"},{"@type":"WebSite","@id":"https:\/\/preprod.olympic.ca\/olympique\/#website","url":"https:\/\/preprod.olympic.ca\/olympique\/","name":"\u00c9quipe Canada | Site officiel de l&#039;\u00e9quipe olympique","description":"Votre source pour l\u2019\u00c9quipe olympique canadienne. Retrouvez les r\u00e9cits, vid\u00e9os et photos des athl\u00e8tes canadiens, sports olympiques, Jeux olympiques de 2020 et bien plus!","potentialAction":[{"@type":"SearchAction","target":{"@type":"EntryPoint","urlTemplate":"https:\/\/preprod.olympic.ca\/olympique\/?s={search_term_string}"},"query-input":{"@type":"PropertyValueSpecification","valueRequired":true,"valueName":"search_term_string"}}],"inLanguage":"fr-FR"}]}},"jetpack_sharing_enabled":true,"jetpack-related-posts":[],"jetpack_shortlink":"https:\/\/wp.me\/PcGHcP-m5b","_links":{"self":[{"href":"https:\/\/preprod.olympic.ca\/olympique\/wp-json\/wp\/v2\/pages\/84889","targetHints":{"allow":["GET"]}}],"collection":[{"href":"https:\/\/preprod.olympic.ca\/olympique\/wp-json\/wp\/v2\/pages"}],"about":[{"href":"https:\/\/preprod.olympic.ca\/olympique\/wp-json\/wp\/v2\/types\/page"}],"author":[{"embeddable":true,"href":"https:\/\/preprod.olympic.ca\/olympique\/wp-json\/wp\/v2\/users\/95870780"}],"replies":[{"embeddable":true,"href":"https:\/\/preprod.olympic.ca\/olympique\/wp-json\/wp\/v2\/comments?post=84889"}],"version-history":[{"count":104,"href":"https:\/\/preprod.olympic.ca\/olympique\/wp-json\/wp\/v2\/pages\/84889\/revisions"}],"predecessor-version":[{"id":222629,"href":"https:\/\/preprod.olympic.ca\/olympique\/wp-json\/wp\/v2\/pages\/84889\/revisions\/222629"}],"wp:featuredmedia":[{"embeddable":true,"href":"https:\/\/preprod.olympic.ca\/olympique\/wp-json\/wp\/v2\/media\/160678"}],"wp:attachment":[{"href":"https:\/\/preprod.olympic.ca\/olympique\/wp-json\/wp\/v2\/media?parent=84889"}],"wp:term":[{"taxonomy":"author","embeddable":true,"href":"https:\/\/preprod.olympic.ca\/olympique\/wp-json\/wp\/v2\/coauthors?post=84889"}],"curies":[{"name":"wp","href":"https:\/\/api.w.org\/{rel}","templated":true}]}}