{"id":85227,"date":"2013-09-20T12:10:00","date_gmt":"2013-09-20T16:10:00","guid":{"rendered":"http:\/\/olympique.ca\/?page_id=85227"},"modified":"2013-11-26T11:14:48","modified_gmt":"2013-11-26T16:14:48","slug":"investir-dans-la-prochaine-generation-dolympiens","status":"publish","type":"page","link":"https:\/\/preprod.olympic.ca\/olympique\/les-histoires-dolympiens\/investir-dans-la-prochaine-generation-dolympiens\/","title":{"rendered":"Investir dans la prochaine g\u00e9n\u00e9ration d\u2019olympiens"},"content":{"rendered":"<p style=\"text-align:left;\" align=\"center\"><strong>FAISANT UN PREMIER PAS SUR UNE NOUVELLE VOIE, LA FONDATION OLYMPIQUE CANADIENNE FAVORISE L\u2019AVENIR DU SPORT AU CANADA EN INVESTISSANT DANS LA PARTICIPATION DES JEUNES ATHL\u00c8TES AUX JEUX DU CANADA<\/strong><strong><\/strong><\/p>\n<p style=\"text-align:left;\" align=\"center\">Le 22 juillet 2013, la Fondation olympique canadienne a fait sensation \u00e0 Sherbrooke, Qu\u00e9bec, avec l\u2019annonce de son investissement dans les futurs olympiens, en livrant des fonds de 250\u00a0000\u00a0$ aux Jeux du Canada de 2013 \u2013 dans le cadre de son entente de quatre ans avec le Conseil des jeux du Canada.<\/p>\n<p style=\"text-align:left;\" align=\"center\">Ce nouveau partenariat financier fournira une commandite pour les Jeux qui aidera \u00e0 d\u00e9velopper les futurs olympiens qui avancent dans le syst\u00e8me sportif canadien. L\u2019investissement est fait dans le cadre de la strat\u00e9gie de la Fondation pour que les athl\u00e8tes de haut niveau du Canada soient appuy\u00e9s, encourag\u00e9s et valoris\u00e9s \u00e0 toutes les \u00e9tapes de leur carri\u00e8re. La Fondation s\u2019est engag\u00e9e \u00e0 commanditer les Jeux du Canada pour les quatre prochaines ann\u00e9es (2013, 2015 et 2017), ce qui servira \u00e0 soutenir les athl\u00e8tes et les entra\u00eeneurs qui participent \u00e0 une des plus importantes comp\u00e9titions sportives du Canada.<\/p>\n<p><a href=\"http:\/\/preprod.olympic.ca\/wp-content\/uploads\/sites\/2\/2013\/09\/ma-speaking.jpg\"><img loading=\"lazy\" decoding=\"async\" class=\"aligncenter size-full wp-image-85228\" alt=\"MA Speaking\" src=\"http:\/\/preprod.olympic.ca\/wp-content\/uploads\/sites\/2\/2013\/09\/ma-speaking.jpg\" width=\"640\" height=\"512\" srcset=\"https:\/\/preprod.olympic.ca\/olympique\/wp-content\/uploads\/sites\/2\/2013\/09\/ma-speaking.jpg 640w, https:\/\/preprod.olympic.ca\/olympique\/wp-content\/uploads\/sites\/2\/2013\/09\/ma-speaking.jpg?resize=198,158 198w, https:\/\/preprod.olympic.ca\/olympique\/wp-content\/uploads\/sites\/2\/2013\/09\/ma-speaking.jpg?resize=464,371 464w\" sizes=\"(max-width: 640px) 100vw, 640px\" \/><\/a><\/p>\n<p>\u00ab\u00a0Aujourd\u2019hui, notre objectif est d\u2019appuyer les futurs olympiens et de renforcer le syst\u00e8me sportif canadien \u00e0 tous les niveaux, ce qui est essentiel si nous voulons nous assurer une place, de fa\u00e7on constante, sur la plus haute marche du podium,\u00a0\u00bb a d\u00e9clar\u00e9 Marcel Aubut, pr\u00e9sident de la Fondation olympique canadienne. \u00ab\u00a0Les Jeux du Canada font partie int\u00e9grante du syst\u00e8me sportif de notre pays, et du parcours des athl\u00e8tes vers les Jeux olympiques. C\u2019est pourquoi nous sommes si fiers de faire cette annonce aujourd\u2019hui en appui des jeunes hommes et des jeunes femmes qui sont l\u2019avenir du sport canadien.\u00a0\u00bb<\/p>\n<p>\u00ab\u00a0\u00c0 titre d\u2019athl\u00e8te ayant particip\u00e9, en premier lieu, aux Jeux du Canada et ensuite aux Jeux olympiques, je comprends l\u2019importance de ce type d\u2019appui. C\u2019est pourquoi je suis heureux et enthousiaste de voir la cr\u00e9ation de ce partenariat,\u00a0\u00bb a ajout\u00e9 <a href=\"http:\/\/olympic.us5.list-manage.com\/track\/click?u=dde06d91f17f385b96c1bf095&amp;id=2530df7842&amp;e=9ed6d581de\">Antoine Valois-Fortier<\/a>, m\u00e9daill\u00e9 de bronze des Jeux olympiques de 2012 \u00e0 Londres. \u00ab\u00a0Les olympiens ne sont pas cr\u00e9\u00e9s du jour au lendemain; il faut du d\u00e9vouement, des ressources et un financement appropri\u00e9 \u00e0 toutes les \u00e9tapes critiques de la carri\u00e8re d\u2019un athl\u00e8te. Ce sont d\u2019excellentes nouvelles pour les sports au Canada.\u00a0\u00bb<\/p>\n<p><a href=\"http:\/\/preprod.olympic.ca\/wp-content\/uploads\/sites\/2\/2013\/09\/avf-1.jpg\"><img loading=\"lazy\" decoding=\"async\" class=\"aligncenter size-full wp-image-85230\" alt=\"AVF 1\" src=\"http:\/\/preprod.olympic.ca\/wp-content\/uploads\/sites\/2\/2013\/09\/avf-1.jpg\" width=\"960\" height=\"720\" srcset=\"https:\/\/preprod.olympic.ca\/olympique\/wp-content\/uploads\/sites\/2\/2013\/09\/avf-1.jpg 960w, https:\/\/preprod.olympic.ca\/olympique\/wp-content\/uploads\/sites\/2\/2013\/09\/avf-1.jpg?resize=211,158 211w, https:\/\/preprod.olympic.ca\/olympique\/wp-content\/uploads\/sites\/2\/2013\/09\/avf-1.jpg?resize=495,371 495w, https:\/\/preprod.olympic.ca\/olympique\/wp-content\/uploads\/sites\/2\/2013\/09\/avf-1.jpg?resize=768,576 768w\" sizes=\"(max-width: 960px) 100vw, 960px\" \/><\/a><\/p>\n<p>Aux Jeux olympiques de 2012 \u00e0 Londres, les anciens des Jeux du Canada formaient 44 pour\u00a0cent de l\u2019\u00c9quipe olympique canadienne et ont remport\u00e9 61 pour\u00a0cent des m\u00e9dailles du Canada &#8211; la preuve qu\u2019investir dans les Jeux du Canada donne des r\u00e9sultats!<\/p>\n<p>Cette annonce est une premi\u00e8re \u00e9tape importante de la strat\u00e9gie de la Fondation pour l\u2019investissement dans les futurs olympiens. Bon nombre de jeunes athl\u00e8tes sont confront\u00e9s \u00e0 des obstacles financiers consid\u00e9rables pour acc\u00e9der au sport au niveau national par le pipeline vers le podium. Un athl\u00e8te de comp\u00e9tition, ayant le potentiel d\u2019avancer dans le syst\u00e8me sportif, doivent faire face \u00e0 de nombreux co\u00fbts afin de faire le saut, y compris les frais de l\u2019entra\u00eenement et de l\u2019\u00e9quipement, l\u2019entra\u00eenement de plus haut niveau et les d\u00e9penses li\u00e9es \u00e0 la comp\u00e9tition internationale. Le financement peut offrir aux athl\u00e8tes l\u2019acc\u00e8s aux programmes n\u00e9cessaires pour devenir les meilleurs des meilleurs. La Fondation olympique canadienne est fi\u00e8re d\u2019appuyer ces programmes.<\/p>\n","protected":false},"excerpt":{"rendered":"<p>FAISANT UN PREMIER PAS SUR UNE NOUVELLE VOIE, LA FONDATION OLYMPIQUE CANADIENNE FAVORISE L\u2019AVENIR DU SPORT AU CANADA EN INVESTISSANT&#8230;<\/p>\n","protected":false},"author":52435436,"featured_media":85229,"parent":85291,"menu_order":0,"comment_status":"open","ping_status":"open","template":"template-foundation.php","meta":{"_edit_last":["52435436"],"_edit_lock":["1386091632:52435436"],"_thumbnail_id":["85229"],"_wp_page_template":["template-foundation.php"],"_publicize_pending":["1"],"seo_translation_link":["http:\/\/wp.me\/P3DwEw-muU"],"_elasticsearch_indexed_on":["2013-09-20 04:10:21"],"_akismet_post_spam":["0"],"_is_empty_after_transformation":["yes"]},"coauthors":[187838302],"class_list":["post-85227","page","type-page","status-publish","format-standard","has-post-thumbnail","hentry"],"acf":[],"yoast_head":"<!-- This site is optimized with the Yoast SEO plugin v27.3 - https:\/\/yoast.com\/product\/yoast-seo-wordpress\/ -->\n<title>Investir dans la prochaine g\u00e9n\u00e9ration d\u2019olympiens  - \u00c9quipe Canada | Site officiel de l&#039;\u00e9quipe olympique<\/title>\n<meta name=\"robots\" content=\"index, follow, max-snippet:-1, max-image-preview:large, max-video-preview:-1\" \/>\n<link rel=\"canonical\" href=\"https:\/\/preprod.olympic.ca\/olympique\/les-histoires-dolympiens\/investir-dans-la-prochaine-generation-dolympiens\/\" \/>\n<meta property=\"og:locale\" content=\"fr_FR\" \/>\n<meta property=\"og:type\" content=\"article\" \/>\n<meta property=\"og:title\" content=\"Investir dans la prochaine g\u00e9n\u00e9ration d\u2019olympiens  - \u00c9quipe Canada | Site officiel de l&#039;\u00e9quipe olympique\" \/>\n<meta property=\"og:description\" content=\"FAISANT UN PREMIER PAS SUR UNE NOUVELLE VOIE, LA FONDATION OLYMPIQUE CANADIENNE FAVORISE L\u2019AVENIR DU SPORT AU CANADA EN INVESTISSANT...\" \/>\n<meta property=\"og:url\" content=\"https:\/\/preprod.olympic.ca\/olympique\/les-histoires-dolympiens\/investir-dans-la-prochaine-generation-dolympiens\/\" \/>\n<meta property=\"og:site_name\" content=\"\u00c9quipe Canada | Site officiel de l&#039;\u00e9quipe olympique\" \/>\n<meta property=\"article:modified_time\" content=\"2013-11-26T16:14:48+00:00\" \/>\n<meta property=\"og:image\" content=\"https:\/\/preprod.olympic.ca\/olympique\/wp-content\/uploads\/sites\/2\/2013\/09\/04850379.jpg?quality=100\" \/>\n\t<meta property=\"og:image:width\" content=\"1340\" \/>\n\t<meta property=\"og:image:height\" content=\"754\" \/>\n\t<meta property=\"og:image:type\" content=\"image\/jpeg\" \/>\n<meta name=\"twitter:card\" content=\"summary_large_image\" \/>\n<meta name=\"twitter:label1\" content=\"Est. reading time\" \/>\n\t<meta name=\"twitter:data1\" content=\"3 minutes\" \/>\n\t<meta name=\"twitter:label2\" content=\"Written by\" \/>\n\t<meta name=\"twitter:data2\" content=\"Mark Nadolny\" \/>\n<script type=\"application\/ld+json\" class=\"yoast-schema-graph\">{\"@context\":\"https:\\\/\\\/schema.org\",\"@graph\":[{\"@type\":\"WebPage\",\"@id\":\"https:\\\/\\\/preprod.olympic.ca\\\/olympique\\\/les-histoires-dolympiens\\\/investir-dans-la-prochaine-generation-dolympiens\\\/\",\"url\":\"https:\\\/\\\/preprod.olympic.ca\\\/olympique\\\/les-histoires-dolympiens\\\/investir-dans-la-prochaine-generation-dolympiens\\\/\",\"name\":\"Investir dans la prochaine g\u00e9n\u00e9ration d\u2019olympiens - \u00c9quipe Canada | Site officiel de l&#039;\u00e9quipe olympique\",\"isPartOf\":{\"@id\":\"https:\\\/\\\/preprod.olympic.ca\\\/olympique\\\/#website\"},\"primaryImageOfPage\":{\"@id\":\"https:\\\/\\\/preprod.olympic.ca\\\/olympique\\\/les-histoires-dolympiens\\\/investir-dans-la-prochaine-generation-dolympiens\\\/#primaryimage\"},\"image\":{\"@id\":\"https:\\\/\\\/preprod.olympic.ca\\\/olympique\\\/les-histoires-dolympiens\\\/investir-dans-la-prochaine-generation-dolympiens\\\/#primaryimage\"},\"thumbnailUrl\":\"https:\\\/\\\/preprod.olympic.ca\\\/olympique\\\/wp-content\\\/uploads\\\/sites\\\/2\\\/2013\\\/09\\\/04850379.jpg?quality=100\",\"datePublished\":\"2013-09-20T16:10:00+00:00\",\"dateModified\":\"2013-11-26T16:14:48+00:00\",\"breadcrumb\":{\"@id\":\"https:\\\/\\\/preprod.olympic.ca\\\/olympique\\\/les-histoires-dolympiens\\\/investir-dans-la-prochaine-generation-dolympiens\\\/#breadcrumb\"},\"inLanguage\":\"fr-FR\",\"potentialAction\":[{\"@type\":\"ReadAction\",\"target\":[\"https:\\\/\\\/preprod.olympic.ca\\\/olympique\\\/les-histoires-dolympiens\\\/investir-dans-la-prochaine-generation-dolympiens\\\/\"]}]},{\"@type\":\"ImageObject\",\"inLanguage\":\"fr-FR\",\"@id\":\"https:\\\/\\\/preprod.olympic.ca\\\/olympique\\\/les-histoires-dolympiens\\\/investir-dans-la-prochaine-generation-dolympiens\\\/#primaryimage\",\"url\":\"https:\\\/\\\/preprod.olympic.ca\\\/olympique\\\/wp-content\\\/uploads\\\/sites\\\/2\\\/2013\\\/09\\\/04850379.jpg?quality=100\",\"contentUrl\":\"https:\\\/\\\/preprod.olympic.ca\\\/olympique\\\/wp-content\\\/uploads\\\/sites\\\/2\\\/2013\\\/09\\\/04850379.jpg?quality=100\",\"width\":1340,\"height\":754},{\"@type\":\"BreadcrumbList\",\"@id\":\"https:\\\/\\\/preprod.olympic.ca\\\/olympique\\\/les-histoires-dolympiens\\\/investir-dans-la-prochaine-generation-dolympiens\\\/#breadcrumb\",\"itemListElement\":[{\"@type\":\"ListItem\",\"position\":1,\"name\":\"Les r\u00e9cits d\u2019Olympiens\",\"item\":\"https:\\\/\\\/preprod.olympic.ca\\\/olympique\\\/les-histoires-dolympiens\\\/\"},{\"@type\":\"ListItem\",\"position\":2,\"name\":\"Investir dans la prochaine g\u00e9n\u00e9ration d\u2019olympiens\"}]},{\"@type\":\"WebSite\",\"@id\":\"https:\\\/\\\/preprod.olympic.ca\\\/olympique\\\/#website\",\"url\":\"https:\\\/\\\/preprod.olympic.ca\\\/olympique\\\/\",\"name\":\"\u00c9quipe Canada | Site officiel de l&#039;\u00e9quipe olympique\",\"description\":\"Votre source pour l\u2019\u00c9quipe olympique canadienne. Retrouvez les r\u00e9cits, vid\u00e9os et photos des athl\u00e8tes canadiens, sports olympiques, Jeux olympiques de 2020 et bien plus!\",\"potentialAction\":[{\"@type\":\"SearchAction\",\"target\":{\"@type\":\"EntryPoint\",\"urlTemplate\":\"https:\\\/\\\/preprod.olympic.ca\\\/olympique\\\/?s={search_term_string}\"},\"query-input\":{\"@type\":\"PropertyValueSpecification\",\"valueRequired\":true,\"valueName\":\"search_term_string\"}}],\"inLanguage\":\"fr-FR\"}]}<\/script>\n<!-- \/ Yoast SEO plugin. -->","yoast_head_json":{"title":"Investir dans la prochaine g\u00e9n\u00e9ration d\u2019olympiens  - \u00c9quipe Canada | Site officiel de l&#039;\u00e9quipe olympique","robots":{"index":"index","follow":"follow","max-snippet":"max-snippet:-1","max-image-preview":"max-image-preview:large","max-video-preview":"max-video-preview:-1"},"canonical":"https:\/\/preprod.olympic.ca\/olympique\/les-histoires-dolympiens\/investir-dans-la-prochaine-generation-dolympiens\/","og_locale":"fr_FR","og_type":"article","og_title":"Investir dans la prochaine g\u00e9n\u00e9ration d\u2019olympiens  - \u00c9quipe Canada | Site officiel de l&#039;\u00e9quipe olympique","og_description":"FAISANT UN PREMIER PAS SUR UNE NOUVELLE VOIE, LA FONDATION OLYMPIQUE CANADIENNE FAVORISE L\u2019AVENIR DU SPORT AU CANADA EN INVESTISSANT...","og_url":"https:\/\/preprod.olympic.ca\/olympique\/les-histoires-dolympiens\/investir-dans-la-prochaine-generation-dolympiens\/","og_site_name":"\u00c9quipe Canada | Site officiel de l&#039;\u00e9quipe olympique","article_modified_time":"2013-11-26T16:14:48+00:00","og_image":[{"width":1340,"height":754,"url":"https:\/\/preprod.olympic.ca\/olympique\/wp-content\/uploads\/sites\/2\/2013\/09\/04850379.jpg?quality=100","type":"image\/jpeg"}],"twitter_card":"summary_large_image","twitter_misc":{"Est. reading time":"3 minutes","Written by":"Mark Nadolny"},"schema":{"@context":"https:\/\/schema.org","@graph":[{"@type":"WebPage","@id":"https:\/\/preprod.olympic.ca\/olympique\/les-histoires-dolympiens\/investir-dans-la-prochaine-generation-dolympiens\/","url":"https:\/\/preprod.olympic.ca\/olympique\/les-histoires-dolympiens\/investir-dans-la-prochaine-generation-dolympiens\/","name":"Investir dans la prochaine g\u00e9n\u00e9ration d\u2019olympiens - \u00c9quipe Canada | Site officiel de l&#039;\u00e9quipe olympique","isPartOf":{"@id":"https:\/\/preprod.olympic.ca\/olympique\/#website"},"primaryImageOfPage":{"@id":"https:\/\/preprod.olympic.ca\/olympique\/les-histoires-dolympiens\/investir-dans-la-prochaine-generation-dolympiens\/#primaryimage"},"image":{"@id":"https:\/\/preprod.olympic.ca\/olympique\/les-histoires-dolympiens\/investir-dans-la-prochaine-generation-dolympiens\/#primaryimage"},"thumbnailUrl":"https:\/\/preprod.olympic.ca\/olympique\/wp-content\/uploads\/sites\/2\/2013\/09\/04850379.jpg?quality=100","datePublished":"2013-09-20T16:10:00+00:00","dateModified":"2013-11-26T16:14:48+00:00","breadcrumb":{"@id":"https:\/\/preprod.olympic.ca\/olympique\/les-histoires-dolympiens\/investir-dans-la-prochaine-generation-dolympiens\/#breadcrumb"},"inLanguage":"fr-FR","potentialAction":[{"@type":"ReadAction","target":["https:\/\/preprod.olympic.ca\/olympique\/les-histoires-dolympiens\/investir-dans-la-prochaine-generation-dolympiens\/"]}]},{"@type":"ImageObject","inLanguage":"fr-FR","@id":"https:\/\/preprod.olympic.ca\/olympique\/les-histoires-dolympiens\/investir-dans-la-prochaine-generation-dolympiens\/#primaryimage","url":"https:\/\/preprod.olympic.ca\/olympique\/wp-content\/uploads\/sites\/2\/2013\/09\/04850379.jpg?quality=100","contentUrl":"https:\/\/preprod.olympic.ca\/olympique\/wp-content\/uploads\/sites\/2\/2013\/09\/04850379.jpg?quality=100","width":1340,"height":754},{"@type":"BreadcrumbList","@id":"https:\/\/preprod.olympic.ca\/olympique\/les-histoires-dolympiens\/investir-dans-la-prochaine-generation-dolympiens\/#breadcrumb","itemListElement":[{"@type":"ListItem","position":1,"name":"Les r\u00e9cits d\u2019Olympiens","item":"https:\/\/preprod.olympic.ca\/olympique\/les-histoires-dolympiens\/"},{"@type":"ListItem","position":2,"name":"Investir dans la prochaine g\u00e9n\u00e9ration d\u2019olympiens"}]},{"@type":"WebSite","@id":"https:\/\/preprod.olympic.ca\/olympique\/#website","url":"https:\/\/preprod.olympic.ca\/olympique\/","name":"\u00c9quipe Canada | Site officiel de l&#039;\u00e9quipe olympique","description":"Votre source pour l\u2019\u00c9quipe olympique canadienne. Retrouvez les r\u00e9cits, vid\u00e9os et photos des athl\u00e8tes canadiens, sports olympiques, Jeux olympiques de 2020 et bien plus!","potentialAction":[{"@type":"SearchAction","target":{"@type":"EntryPoint","urlTemplate":"https:\/\/preprod.olympic.ca\/olympique\/?s={search_term_string}"},"query-input":{"@type":"PropertyValueSpecification","valueRequired":true,"valueName":"search_term_string"}}],"inLanguage":"fr-FR"}]}},"jetpack_sharing_enabled":true,"jetpack-related-posts":[],"jetpack_shortlink":"https:\/\/wp.me\/PcGHcP-maD","_links":{"self":[{"href":"https:\/\/preprod.olympic.ca\/olympique\/wp-json\/wp\/v2\/pages\/85227","targetHints":{"allow":["GET"]}}],"collection":[{"href":"https:\/\/preprod.olympic.ca\/olympique\/wp-json\/wp\/v2\/pages"}],"about":[{"href":"https:\/\/preprod.olympic.ca\/olympique\/wp-json\/wp\/v2\/types\/page"}],"author":[{"embeddable":true,"href":"https:\/\/preprod.olympic.ca\/olympique\/wp-json\/wp\/v2\/users\/52435436"}],"replies":[{"embeddable":true,"href":"https:\/\/preprod.olympic.ca\/olympique\/wp-json\/wp\/v2\/comments?post=85227"}],"version-history":[{"count":3,"href":"https:\/\/preprod.olympic.ca\/olympique\/wp-json\/wp\/v2\/pages\/85227\/revisions"}],"predecessor-version":[{"id":88108,"href":"https:\/\/preprod.olympic.ca\/olympique\/wp-json\/wp\/v2\/pages\/85227\/revisions\/88108"}],"up":[{"embeddable":true,"href":"https:\/\/preprod.olympic.ca\/olympique\/wp-json\/wp\/v2\/pages\/85291"}],"wp:featuredmedia":[{"embeddable":true,"href":"https:\/\/preprod.olympic.ca\/olympique\/wp-json\/wp\/v2\/media\/85229"}],"wp:attachment":[{"href":"https:\/\/preprod.olympic.ca\/olympique\/wp-json\/wp\/v2\/media?parent=85227"}],"wp:term":[{"taxonomy":"author","embeddable":true,"href":"https:\/\/preprod.olympic.ca\/olympique\/wp-json\/wp\/v2\/coauthors?post=85227"}],"curies":[{"name":"wp","href":"https:\/\/api.w.org\/{rel}","templated":true}]}}