{"id":88286,"date":"2013-12-05T13:22:55","date_gmt":"2013-12-05T18:22:55","guid":{"rendered":"http:\/\/olympique.ca\/?page_id=88286"},"modified":"2015-06-26T15:06:58","modified_gmt":"2015-06-26T19:06:58","slug":"modifier-profil","status":"publish","type":"page","link":"https:\/\/preprod.olympic.ca\/olympique\/modifier-profil\/","title":{"rendered":"Modifier profil"},"content":{"rendered":"","protected":false},"excerpt":{"rendered":"","protected":false},"author":24524180,"featured_media":0,"parent":0,"menu_order":0,"comment_status":"open","ping_status":"closed","template":"templates\/edit-profile.php","meta":{"_edit_last":["52435436"],"_edit_lock":["1435348179:52435436"],"_wp_page_template":["templates\/edit-profile.php"],"_publicize_pending":["1"],"_elasticsearch_indexed_on":["2013-12-05 18:22:55"],"geo_public":["0"],"_x_multifield_seo_accordion":["a:1:{i:0;a:2:{s:19:\"seo_accordion_title\";s:0:\"\";s:25:\"seo_accordion_description\";s:0:\"\";}}"],"hide_top_share_bar":["on"],"hide_bottom_share_bar":["on"],"coc_campaign_options":["a:4:{s:21:\"coc_campaign_category\";s:0:\"\";s:15:\"coc_campaign_bg\";N;s:25:\"coc_campaign_bg_downloads\";a:0:{}s:20:\"coc_campaign_posters\";a:0:{}}"],"coc_team_options":["a:1:{s:15:\"coc_game_select\";i:75922;}"],"coc_oc_landing_options":["a:2:{s:17:\"coc_oc_landing_bg\";N;s:22:\"coc_oc_landing_stories\";a:0:{}}"],"coc_edit_profile_options":["a:1:{s:20:\"coc_favourite_sports\";a:53:{i:0;a:1:{s:19:\"coc_favourite_sport\";s:11:\"Athl\u00e9tisme\";}i:1;a:1:{s:19:\"coc_favourite_sport\";s:6:\"Aviron\";}i:2;a:1:{s:19:\"coc_favourite_sport\";s:9:\"Badminton\";}i:3;a:1:{s:19:\"coc_favourite_sport\";s:8:\"Baseball\";}i:4;a:1:{s:19:\"coc_favourite_sport\";s:10:\"Basketball\";}i:5;a:1:{s:19:\"coc_favourite_sport\";s:8:\"Biathlon\";}i:6;a:1:{s:19:\"coc_favourite_sport\";s:9:\"Bobsleigh\";}i:7;a:1:{s:19:\"coc_favourite_sport\";s:4:\"Boxe\";}i:8;a:1:{s:19:\"coc_favourite_sport\";s:12:\"Cano\u00eb-kayak\";}i:9;a:1:{s:19:\"coc_favourite_sport\";s:17:\"Combin\u00e9 nordique\";}i:10;a:1:{s:19:\"coc_favourite_sport\";s:7:\"Curling\";}i:11;a:1:{s:19:\"coc_favourite_sport\";s:8:\"Cyclisme\";}i:12;a:1:{s:19:\"coc_favourite_sport\";s:7:\"Escrime\";}i:13;a:1:{s:19:\"coc_favourite_sport\";s:8:\"Football\";}i:14;a:1:{s:19:\"coc_favourite_sport\";s:16:\"Hockey sur gazon\";}i:15;a:1:{s:19:\"coc_favourite_sport\";s:16:\"Hockey sur glace\";}i:16;a:1:{s:19:\"coc_favourite_sport\";s:4:\"Golf\";}i:17;a:1:{s:19:\"coc_favourite_sport\";s:11:\"Gymnastique\";}i:18;a:1:{s:19:\"coc_favourite_sport\";s:14:\"Halt\u00e9rophilie\";}i:19;a:1:{s:19:\"coc_favourite_sport\";s:8:\"Handball\";}i:20;a:1:{s:19:\"coc_favourite_sport\";s:4:\"Judo\";}i:21;a:1:{s:19:\"coc_favourite_sport\";s:7:\"Karat\u00e9\";}i:22;a:1:{s:19:\"coc_favourite_sport\";s:4:\"Luge\";}i:23;a:1:{s:19:\"coc_favourite_sport\";s:5:\"Lutte\";}i:24;a:1:{s:19:\"coc_favourite_sport\";s:18:\"Nage synchronis\u00e9e\";}i:25;a:1:{s:19:\"coc_favourite_sport\";s:8:\"Natation\";}i:26;a:1:{s:19:\"coc_favourite_sport\";s:21:\"Patinage \u00e0 roulettes\";}i:27;a:1:{s:19:\"coc_favourite_sport\";s:19:\"Patinage artistique\";}i:28;a:1:{s:19:\"coc_favourite_sport\";s:19:\"Patinage de vitesse\";}i:29;a:1:{s:19:\"coc_favourite_sport\";s:18:\"Pentathlon Moderne\";}i:30;a:1:{s:19:\"coc_favourite_sport\";s:8:\"Plongeon\";}i:31;a:1:{s:19:\"coc_favourite_sport\";s:7:\"Quilles\";}i:32;a:1:{s:19:\"coc_favourite_sport\";s:11:\"Racquetball\";}i:33;a:1:{s:19:\"coc_favourite_sport\";s:5:\"Rugby\";}i:34;a:1:{s:19:\"coc_favourite_sport\";s:11:\"Saut \u00e0 ski\";}i:35;a:1:{s:19:\"coc_favourite_sport\";s:8:\"Skeleton\";}i:36;a:1:{s:19:\"coc_favourite_sport\";s:15:\"Ski acrobatique\";}i:37;a:1:{s:19:\"coc_favourite_sport\";s:9:\"Ski alpin\";}i:38;a:1:{s:19:\"coc_favourite_sport\";s:11:\"Ski de fond\";}i:39;a:1:{s:19:\"coc_favourite_sport\";s:12:\"Ski nautique\";}i:40;a:1:{s:19:\"coc_favourite_sport\";s:8:\"Softball\";}i:41;a:1:{s:19:\"coc_favourite_sport\";s:17:\"Sports \u00e9questres\";}i:42;a:1:{s:19:\"coc_favourite_sport\";s:6:\"Squash\";}i:43;a:1:{s:19:\"coc_favourite_sport\";s:15:\"Surf des neiges\";}i:44;a:1:{s:19:\"coc_favourite_sport\";s:9:\"Taekwondo\";}i:45;a:1:{s:19:\"coc_favourite_sport\";s:6:\"Tennis\";}i:46;a:1:{s:19:\"coc_favourite_sport\";s:15:\"Tennis de table\";}i:47;a:1:{s:19:\"coc_favourite_sport\";s:3:\"Tir\";}i:48;a:1:{s:19:\"coc_favourite_sport\";s:14:\"Tir \u00e0 l\u2019arc\";}i:49;a:1:{s:19:\"coc_favourite_sport\";s:9:\"Triathlon\";}i:50;a:1:{s:19:\"coc_favourite_sport\";s:5:\"Voile\";}i:51;a:1:{s:19:\"coc_favourite_sport\";s:10:\"Volleyball\";}i:52;a:1:{s:19:\"coc_favourite_sport\";s:10:\"Water-polo\";}}}"],"seo_translation_link":["http:\/\/wp.me\/P3DwEw-nfC"],"_is_empty_after_transformation":["yes"]},"coauthors":[187829914],"class_list":["post-88286","page","type-page","status-publish","format-standard","hentry"],"acf":[],"yoast_head":"<!-- This site is optimized with the Yoast SEO plugin v27.3 - https:\/\/yoast.com\/product\/yoast-seo-wordpress\/ -->\n<title>Modifier profil - \u00c9quipe Canada | Site officiel de l&#039;\u00e9quipe olympique<\/title>\n<meta name=\"robots\" content=\"index, follow, max-snippet:-1, max-image-preview:large, max-video-preview:-1\" \/>\n<link rel=\"canonical\" href=\"https:\/\/preprod.olympic.ca\/olympique\/modifier-profil\/\" \/>\n<meta property=\"og:locale\" content=\"fr_FR\" \/>\n<meta property=\"og:type\" content=\"article\" \/>\n<meta property=\"og:title\" content=\"Modifier profil - \u00c9quipe Canada | Site officiel de l&#039;\u00e9quipe olympique\" \/>\n<meta property=\"og:url\" content=\"https:\/\/preprod.olympic.ca\/olympique\/modifier-profil\/\" \/>\n<meta property=\"og:site_name\" content=\"\u00c9quipe Canada | Site officiel de l&#039;\u00e9quipe olympique\" \/>\n<meta property=\"article:modified_time\" content=\"2015-06-26T19:06:58+00:00\" \/>\n<meta name=\"twitter:card\" content=\"summary_large_image\" \/>\n<meta name=\"twitter:label1\" content=\"Written by\" \/>\n\t<meta name=\"twitter:data1\" content=\"Anthony Moore\" \/>\n<script type=\"application\/ld+json\" class=\"yoast-schema-graph\">{\"@context\":\"https:\\\/\\\/schema.org\",\"@graph\":[{\"@type\":\"WebPage\",\"@id\":\"https:\\\/\\\/preprod.olympic.ca\\\/olympique\\\/modifier-profil\\\/\",\"url\":\"https:\\\/\\\/preprod.olympic.ca\\\/olympique\\\/modifier-profil\\\/\",\"name\":\"Modifier profil - \u00c9quipe Canada | Site officiel de l&#039;\u00e9quipe olympique\",\"isPartOf\":{\"@id\":\"https:\\\/\\\/preprod.olympic.ca\\\/olympique\\\/#website\"},\"datePublished\":\"2013-12-05T18:22:55+00:00\",\"dateModified\":\"2015-06-26T19:06:58+00:00\",\"inLanguage\":\"fr-FR\",\"potentialAction\":[{\"@type\":\"ReadAction\",\"target\":[\"https:\\\/\\\/preprod.olympic.ca\\\/olympique\\\/modifier-profil\\\/\"]}]},{\"@type\":\"WebSite\",\"@id\":\"https:\\\/\\\/preprod.olympic.ca\\\/olympique\\\/#website\",\"url\":\"https:\\\/\\\/preprod.olympic.ca\\\/olympique\\\/\",\"name\":\"\u00c9quipe Canada | Site officiel de l&#039;\u00e9quipe olympique\",\"description\":\"Votre source pour l\u2019\u00c9quipe olympique canadienne. Retrouvez les r\u00e9cits, vid\u00e9os et photos des athl\u00e8tes canadiens, sports olympiques, Jeux olympiques de 2020 et bien plus!\",\"potentialAction\":[{\"@type\":\"SearchAction\",\"target\":{\"@type\":\"EntryPoint\",\"urlTemplate\":\"https:\\\/\\\/preprod.olympic.ca\\\/olympique\\\/?s={search_term_string}\"},\"query-input\":{\"@type\":\"PropertyValueSpecification\",\"valueRequired\":true,\"valueName\":\"search_term_string\"}}],\"inLanguage\":\"fr-FR\"}]}<\/script>\n<!-- \/ Yoast SEO plugin. -->","yoast_head_json":{"title":"Modifier profil - \u00c9quipe Canada | Site officiel de l&#039;\u00e9quipe olympique","robots":{"index":"index","follow":"follow","max-snippet":"max-snippet:-1","max-image-preview":"max-image-preview:large","max-video-preview":"max-video-preview:-1"},"canonical":"https:\/\/preprod.olympic.ca\/olympique\/modifier-profil\/","og_locale":"fr_FR","og_type":"article","og_title":"Modifier profil - \u00c9quipe Canada | Site officiel de l&#039;\u00e9quipe olympique","og_url":"https:\/\/preprod.olympic.ca\/olympique\/modifier-profil\/","og_site_name":"\u00c9quipe Canada | Site officiel de l&#039;\u00e9quipe olympique","article_modified_time":"2015-06-26T19:06:58+00:00","twitter_card":"summary_large_image","twitter_misc":{"Written by":"Anthony Moore"},"schema":{"@context":"https:\/\/schema.org","@graph":[{"@type":"WebPage","@id":"https:\/\/preprod.olympic.ca\/olympique\/modifier-profil\/","url":"https:\/\/preprod.olympic.ca\/olympique\/modifier-profil\/","name":"Modifier profil - \u00c9quipe Canada | Site officiel de l&#039;\u00e9quipe olympique","isPartOf":{"@id":"https:\/\/preprod.olympic.ca\/olympique\/#website"},"datePublished":"2013-12-05T18:22:55+00:00","dateModified":"2015-06-26T19:06:58+00:00","inLanguage":"fr-FR","potentialAction":[{"@type":"ReadAction","target":["https:\/\/preprod.olympic.ca\/olympique\/modifier-profil\/"]}]},{"@type":"WebSite","@id":"https:\/\/preprod.olympic.ca\/olympique\/#website","url":"https:\/\/preprod.olympic.ca\/olympique\/","name":"\u00c9quipe Canada | Site officiel de l&#039;\u00e9quipe olympique","description":"Votre source pour l\u2019\u00c9quipe olympique canadienne. Retrouvez les r\u00e9cits, vid\u00e9os et photos des athl\u00e8tes canadiens, sports olympiques, Jeux olympiques de 2020 et bien plus!","potentialAction":[{"@type":"SearchAction","target":{"@type":"EntryPoint","urlTemplate":"https:\/\/preprod.olympic.ca\/olympique\/?s={search_term_string}"},"query-input":{"@type":"PropertyValueSpecification","valueRequired":true,"valueName":"search_term_string"}}],"inLanguage":"fr-FR"}]}},"jetpack_sharing_enabled":true,"jetpack-related-posts":[],"jetpack_shortlink":"https:\/\/wp.me\/PcGHcP-mXY","_links":{"self":[{"href":"https:\/\/preprod.olympic.ca\/olympique\/wp-json\/wp\/v2\/pages\/88286","targetHints":{"allow":["GET"]}}],"collection":[{"href":"https:\/\/preprod.olympic.ca\/olympique\/wp-json\/wp\/v2\/pages"}],"about":[{"href":"https:\/\/preprod.olympic.ca\/olympique\/wp-json\/wp\/v2\/types\/page"}],"author":[{"embeddable":true,"href":"https:\/\/preprod.olympic.ca\/olympique\/wp-json\/wp\/v2\/users\/24524180"}],"replies":[{"embeddable":true,"href":"https:\/\/preprod.olympic.ca\/olympique\/wp-json\/wp\/v2\/comments?post=88286"}],"version-history":[{"count":2,"href":"https:\/\/preprod.olympic.ca\/olympique\/wp-json\/wp\/v2\/pages\/88286\/revisions"}],"predecessor-version":[{"id":104780,"href":"https:\/\/preprod.olympic.ca\/olympique\/wp-json\/wp\/v2\/pages\/88286\/revisions\/104780"}],"wp:attachment":[{"href":"https:\/\/preprod.olympic.ca\/olympique\/wp-json\/wp\/v2\/media?parent=88286"}],"wp:term":[{"taxonomy":"author","embeddable":true,"href":"https:\/\/preprod.olympic.ca\/olympique\/wp-json\/wp\/v2\/coauthors?post=88286"}],"curies":[{"name":"wp","href":"https:\/\/api.w.org\/{rel}","templated":true}]}}